{"id":6107,"date":"2024-12-31T15:14:42","date_gmt":"2024-12-31T14:14:42","guid":{"rendered":"https:\/\/observatoire-asap.org\/?page_id=6107"},"modified":"2025-03-01T23:41:16","modified_gmt":"2025-03-01T22:41:16","slug":"lettre-14-12-2024","status":"publish","type":"page","link":"https:\/\/observatoire-asap.org\/index.php\/lettre-14-12-2024\/","title":{"rendered":"Lettre #14 \u2013 12\/2024"},"content":{"rendered":"\n<div class=\"wp-block-file\"><a id=\"wp-block-file--media-74262f30-ed17-4e1c-afb3-61757c1f30df\" href=\"https:\/\/observatoire-asap.org\/wp-content\/uploads\/2024\/12\/ASAP_Lettre_14.pdf\">Lettre #14 compl\u00e8te<\/a><a href=\"https:\/\/observatoire-asap.org\/wp-content\/uploads\/2024\/12\/ASAP_Lettre_14.pdf\" class=\"wp-block-file__button wp-element-button\" download aria-describedby=\"wp-block-file--media-74262f30-ed17-4e1c-afb3-61757c1f30df\">T\u00e9l\u00e9charger<\/a><\/div>\n\n\n<h2>1. \u00c9conomie<\/h2>\n<p><a href=\"http:\/\/observatoire-asap.org\/index.php\/2022\/05\/29\/la-temporalisation-de-lintegration-post-fusion-le-cas-de-rapprochements-dans-lenseignement-superieur-et-de-la-recherche\/\">La temporalisation de l\u2019int\u00e9gration post-fusion\u00a0: le cas de rapprochements dans l\u2019enseignement sup\u00e9rieur et de la recherche<\/a> par <a href=\"http:\/\/observatoire-asap.org\/index.php\/2020\/11\/18\/julien-fernando\/\">Julien Fernando<\/a> et <a href=\"http:\/\/observatoire-asap.org\/index.php\/2020\/02\/02\/olivier-meier\/\">Olivier Meier<\/a><\/p>\n<p><a href=\"http:\/\/observatoire-asap.org\/index.php\/2022\/04\/12\/developpement-durable-et-achats-responsables-enjeux-economiques-et-societaux\/\">D\u00e9veloppement durable et achats responsables\u00a0: enjeux \u00e9conomiques et soci\u00e9taux<\/a> par <a href=\"http:\/\/observatoire-asap.org\/index.php\/2020\/11\/13\/elizabeth-couzineau-zegwaard\/\">Elizabeth Couzineau-Zegwaard<\/a> et <a href=\"http:\/\/observatoire-asap.org\/index.php\/2022\/04\/06\/catherine-lafarge\/\">Catherine Lafarge<\/a><\/p>\n<p><span class=\"current\"><a href=\"http:\/\/observatoire-asap.org\/index.php\/2022\/03\/18\/les-defis-de-la-legitimite-dans-les-prises-de-decisions-delicates-le-cas-du-licenciement-de-masse\/\">Les d\u00e9fis de la l\u00e9gitimit\u00e9 dans les prises de d\u00e9cisions d\u00e9licates\u00a0: le cas du licenciement de masse<\/a><\/span> par <a href=\"http:\/\/observatoire-asap.org\/index.php\/2020\/02\/27\/jeanne-le-roy\/\">Jeanne Le Roy<\/a><\/p>\n<h2>2. \u00c9ducation<\/h2>\n<p><a href=\"https:\/\/observatoire-asap.org\/index.php\/2023\/09\/25\/les-premices-dune-education-au-developpement-durable-a-luniversite\/\">Les pr\u00e9mices d\u2019une \u00c9ducation au\u00a0D\u00e9veloppement Durable\u00a0\u00e0 l\u2019universit\u00e9<\/a> par <a href=\"https:\/\/observatoire-asap.org\/index.php\/2023\/09\/25\/nathalie-carminatti\/\">Nathalie Carminatti<\/a><\/p>\n<h2>3. Entretien<\/h2>\n<div class=\"wp-block-column\">\n<div class=\"wp-block-column is-layout-flow wp-block-column-is-layout-flow\">\n<p><span class=\"current\"><a href=\"https:\/\/observatoire-asap.org\/index.php\/2023\/01\/17\/de-la-reconnaissance-au-pouvoir-dagir-rencontre-avec-serge-ravet-expert-et-philippe-petitqueux-delegue-au-numerique-a-la-draaf-de-normandie\/\">Entretien aupr\u00e8s de Serge Ravet et Philippe Petitqueux.<\/a><\/span> Entretien men\u00e9 par <a href=\"http:\/\/observatoire-asap.org\/index.php\/2020\/02\/15\/maryvonne-dussaux\/\">Maryvonne Dussaux<\/a><\/p>\n<\/div>\n<\/div>\n<h2>4. Politique<\/h2>\n<p><a href=\"http:\/\/observatoire-asap.org\/index.php\/2022\/01\/03\/reforme-de-la-haute-fonction-publique-vers-la-fin-des-corps-dinspection\/\">R\u00e9forme de la haute fonction publique : vers la fin des corps d\u2019inspection<\/a> par <a href=\"http:\/\/observatoire-asap.org\/index.php\/2021\/02\/01\/marine-fouquet\/\">Marine Fouquet<\/a><\/p>\n<h2>5. Management<\/h2>\n<p><a href=\"https:\/\/observatoire-asap.org\/index.php\/2022\/10\/22\/la-gestion-ethique-au-japon\/\" data-rich-text-format-boundary=\"true\">La gestion \u00e9thique au Japon<\/a> par <a href=\"https:\/\/observatoire-asap.org\/index.php\/2020\/11\/19\/carole-doueiry-verne\/\">Carole Douery Verne<\/a> et <a href=\"https:\/\/observatoire-asap.org\/index.php\/2020\/02\/02\/olivier-meier\/\">Olivier Meier<\/a><\/p>\n<h2>6. Soci\u00e9tal<\/h2>\n<p><a href=\"http:\/\/observatoire-asap.org\/index.php\/2022\/02\/09\/la-face-sombre-de-la-motivation-de-service-public\/\">La face sombre de la motivation de service public<\/a> par <a href=\"http:\/\/observatoire-asap.org\/index.php\/2020\/02\/14\/francois-grima\/\">Fran\u00e7ois Grima<\/a> et <a href=\"http:\/\/observatoire-asap.org\/index.php\/2021\/03\/23\/irene-georgescu\/\">Ir\u00e8ne Georgescu<\/a><\/p>\n<p><a href=\"http:\/\/observatoire-asap.org\/index.php\/2022\/01\/15\/le-secteur-de-la-sante-comme-contexte-detude-pour-la-logistique-et-le-supply-chain-management\/\">Le secteur de la sant\u00e9 comme contexte d\u2019\u00e9tude pour la logistique et le SCM<\/a> par <a href=\"http:\/\/observatoire-asap.org\/index.php\/2022\/01\/15\/blandine-ageron\/\">Blandine Ageron<\/a>, <a href=\"http:\/\/observatoire-asap.org\/index.php\/2021\/01\/19\/omar-bentahar\/\">Omar Bentahar<\/a> et <a href=\"https:\/\/observatoire-asap.org\/index.php\/2021\/01\/19\/smail-benzidia\/\">Smail Benzidia<\/a><\/p>\n<h2>7. Technologie<\/h2>\n<p><a href=\"http:\/\/observatoire-asap.org\/index.php\/2023\/02\/06\/metavers-nous-aurons-bientot-tous-un-casque-de-realite-virtuelle\/\">Metavers, nous aurons bient\u00f4t tous un casque de r\u00e9alit\u00e9 virtuelle\u00a0!<\/a> par <a href=\"http:\/\/observatoire-asap.org\/index.php\/2022\/12\/05\/florent-cochard\/\">Florent Cochard<\/a><\/p>\n<h2>\u00a0<\/h2>","protected":false},"excerpt":{"rendered":"<p>1. \u00c9conomie La temporalisation de l\u2019int\u00e9gration post-fusion\u00a0: le cas de rapprochements dans l\u2019enseignement sup\u00e9rieur et de la recherche par Julien Fernando et Olivier Meier D\u00e9veloppement durable et achats responsables\u00a0: enjeux \u00e9conomiques et soci\u00e9taux par Elizabeth Couzineau-Zegwaard et Catherine Lafarge Les d\u00e9fis de la l\u00e9gitimit\u00e9 dans les prises de d\u00e9cisions d\u00e9licates\u00a0: le cas du licenciement de &hellip; <\/p>\n","protected":false},"author":3,"featured_media":0,"parent":0,"menu_order":0,"comment_status":"closed","ping_status":"closed","template":"","meta":{"spay_email":"","footnotes":""},"class_list":["post-6107","page","type-page","status-publish","hentry"],"yoast_head":"<!-- This site is optimized with the Yoast SEO plugin v24.9 - https:\/\/yoast.com\/wordpress\/plugins\/seo\/ -->\n<title>Lettre #14 \u2013 12\/2024 -<\/title>\n<meta name=\"robots\" content=\"index, follow, max-snippet:-1, max-image-preview:large, max-video-preview:-1\" \/>\n<link rel=\"canonical\" href=\"https:\/\/observatoire-asap.org\/index.php\/lettre-14-12-2024\/\" \/>\n<meta property=\"og:locale\" content=\"fr_FR\" \/>\n<meta property=\"og:type\" content=\"article\" \/>\n<meta property=\"og:title\" content=\"Lettre #14 \u2013 12\/2024 -\" \/>\n<meta property=\"og:description\" content=\"1. \u00c9conomie La temporalisation de l\u2019int\u00e9gration post-fusion\u00a0: le cas de rapprochements dans l\u2019enseignement sup\u00e9rieur et de la recherche par Julien Fernando et Olivier Meier D\u00e9veloppement durable et achats responsables\u00a0: enjeux \u00e9conomiques et soci\u00e9taux par Elizabeth Couzineau-Zegwaard et Catherine Lafarge Les d\u00e9fis de la l\u00e9gitimit\u00e9 dans les prises de d\u00e9cisions d\u00e9licates\u00a0: le cas du licenciement de &hellip;\" \/>\n<meta property=\"og:url\" content=\"https:\/\/observatoire-asap.org\/index.php\/lettre-14-12-2024\/\" \/>\n<meta property=\"article:publisher\" content=\"https:\/\/facebook.com\/fabrice.hamelin.1\" \/>\n<meta property=\"article:modified_time\" content=\"2025-03-01T22:41:16+00:00\" \/>\n<meta name=\"twitter:card\" content=\"summary_large_image\" \/>\n<meta name=\"twitter:label1\" content=\"Dur\u00e9e de lecture estim\u00e9e\" \/>\n\t<meta name=\"twitter:data1\" content=\"1 minute\" \/>\n<script type=\"application\/ld+json\" class=\"yoast-schema-graph\">{\"@context\":\"https:\/\/schema.org\",\"@graph\":[{\"@type\":\"WebPage\",\"@id\":\"https:\/\/observatoire-asap.org\/index.php\/lettre-14-12-2024\/\",\"url\":\"https:\/\/observatoire-asap.org\/index.php\/lettre-14-12-2024\/\",\"name\":\"Lettre #14 \u2013 12\/2024 -\",\"isPartOf\":{\"@id\":\"http:\/\/observatoire-asap.org\/#website\"},\"datePublished\":\"2024-12-31T14:14:42+00:00\",\"dateModified\":\"2025-03-01T22:41:16+00:00\",\"breadcrumb\":{\"@id\":\"https:\/\/observatoire-asap.org\/index.php\/lettre-14-12-2024\/#breadcrumb\"},\"inLanguage\":\"fr-FR\",\"potentialAction\":[{\"@type\":\"ReadAction\",\"target\":[\"https:\/\/observatoire-asap.org\/index.php\/lettre-14-12-2024\/\"]}]},{\"@type\":\"BreadcrumbList\",\"@id\":\"https:\/\/observatoire-asap.org\/index.php\/lettre-14-12-2024\/#breadcrumb\",\"itemListElement\":[{\"@type\":\"ListItem\",\"position\":1,\"name\":\"Accueil\",\"item\":\"http:\/\/observatoire-asap.org\/\"},{\"@type\":\"ListItem\",\"position\":2,\"name\":\"Lettre #14 \u2013 12\/2024\"}]},{\"@type\":\"WebSite\",\"@id\":\"http:\/\/observatoire-asap.org\/#website\",\"url\":\"http:\/\/observatoire-asap.org\/\",\"name\":\"Action Soci\u00e9tale et Action Publique\",\"description\":\"\",\"publisher\":{\"@id\":\"http:\/\/observatoire-asap.org\/#organization\"},\"potentialAction\":[{\"@type\":\"SearchAction\",\"target\":{\"@type\":\"EntryPoint\",\"urlTemplate\":\"http:\/\/observatoire-asap.org\/?s={search_term_string}\"},\"query-input\":{\"@type\":\"PropertyValueSpecification\",\"valueRequired\":true,\"valueName\":\"search_term_string\"}}],\"inLanguage\":\"fr-FR\"},{\"@type\":\"Organization\",\"@id\":\"http:\/\/observatoire-asap.org\/#organization\",\"name\":\"Laboratoire ASAP\",\"url\":\"http:\/\/observatoire-asap.org\/\",\"logo\":{\"@type\":\"ImageObject\",\"inLanguage\":\"fr-FR\",\"@id\":\"http:\/\/observatoire-asap.org\/#\/schema\/logo\/image\/\",\"url\":\"https:\/\/observatoire-asap.org\/wp-content\/uploads\/2022\/01\/cropped-cropped-ASAP_Plan-de-travail-1.png\",\"contentUrl\":\"https:\/\/observatoire-asap.org\/wp-content\/uploads\/2022\/01\/cropped-cropped-ASAP_Plan-de-travail-1.png\",\"width\":1345,\"height\":426,\"caption\":\"Laboratoire ASAP\"},\"image\":{\"@id\":\"http:\/\/observatoire-asap.org\/#\/schema\/logo\/image\/\"},\"sameAs\":[\"https:\/\/facebook.com\/fabrice.hamelin.1\"]}]}<\/script>\n<!-- \/ Yoast SEO plugin. -->","yoast_head_json":{"title":"Lettre #14 \u2013 12\/2024 -","robots":{"index":"index","follow":"follow","max-snippet":"max-snippet:-1","max-image-preview":"max-image-preview:large","max-video-preview":"max-video-preview:-1"},"canonical":"https:\/\/observatoire-asap.org\/index.php\/lettre-14-12-2024\/","og_locale":"fr_FR","og_type":"article","og_title":"Lettre #14 \u2013 12\/2024 -","og_description":"1. \u00c9conomie La temporalisation de l\u2019int\u00e9gration post-fusion\u00a0: le cas de rapprochements dans l\u2019enseignement sup\u00e9rieur et de la recherche par Julien Fernando et Olivier Meier D\u00e9veloppement durable et achats responsables\u00a0: enjeux \u00e9conomiques et soci\u00e9taux par Elizabeth Couzineau-Zegwaard et Catherine Lafarge Les d\u00e9fis de la l\u00e9gitimit\u00e9 dans les prises de d\u00e9cisions d\u00e9licates\u00a0: le cas du licenciement de &hellip;","og_url":"https:\/\/observatoire-asap.org\/index.php\/lettre-14-12-2024\/","article_publisher":"https:\/\/facebook.com\/fabrice.hamelin.1","article_modified_time":"2025-03-01T22:41:16+00:00","twitter_card":"summary_large_image","twitter_misc":{"Dur\u00e9e de lecture estim\u00e9e":"1 minute"},"schema":{"@context":"https:\/\/schema.org","@graph":[{"@type":"WebPage","@id":"https:\/\/observatoire-asap.org\/index.php\/lettre-14-12-2024\/","url":"https:\/\/observatoire-asap.org\/index.php\/lettre-14-12-2024\/","name":"Lettre #14 \u2013 12\/2024 -","isPartOf":{"@id":"http:\/\/observatoire-asap.org\/#website"},"datePublished":"2024-12-31T14:14:42+00:00","dateModified":"2025-03-01T22:41:16+00:00","breadcrumb":{"@id":"https:\/\/observatoire-asap.org\/index.php\/lettre-14-12-2024\/#breadcrumb"},"inLanguage":"fr-FR","potentialAction":[{"@type":"ReadAction","target":["https:\/\/observatoire-asap.org\/index.php\/lettre-14-12-2024\/"]}]},{"@type":"BreadcrumbList","@id":"https:\/\/observatoire-asap.org\/index.php\/lettre-14-12-2024\/#breadcrumb","itemListElement":[{"@type":"ListItem","position":1,"name":"Accueil","item":"http:\/\/observatoire-asap.org\/"},{"@type":"ListItem","position":2,"name":"Lettre #14 \u2013 12\/2024"}]},{"@type":"WebSite","@id":"http:\/\/observatoire-asap.org\/#website","url":"http:\/\/observatoire-asap.org\/","name":"Action Soci\u00e9tale et Action Publique","description":"","publisher":{"@id":"http:\/\/observatoire-asap.org\/#organization"},"potentialAction":[{"@type":"SearchAction","target":{"@type":"EntryPoint","urlTemplate":"http:\/\/observatoire-asap.org\/?s={search_term_string}"},"query-input":{"@type":"PropertyValueSpecification","valueRequired":true,"valueName":"search_term_string"}}],"inLanguage":"fr-FR"},{"@type":"Organization","@id":"http:\/\/observatoire-asap.org\/#organization","name":"Laboratoire ASAP","url":"http:\/\/observatoire-asap.org\/","logo":{"@type":"ImageObject","inLanguage":"fr-FR","@id":"http:\/\/observatoire-asap.org\/#\/schema\/logo\/image\/","url":"https:\/\/observatoire-asap.org\/wp-content\/uploads\/2022\/01\/cropped-cropped-ASAP_Plan-de-travail-1.png","contentUrl":"https:\/\/observatoire-asap.org\/wp-content\/uploads\/2022\/01\/cropped-cropped-ASAP_Plan-de-travail-1.png","width":1345,"height":426,"caption":"Laboratoire ASAP"},"image":{"@id":"http:\/\/observatoire-asap.org\/#\/schema\/logo\/image\/"},"sameAs":["https:\/\/facebook.com\/fabrice.hamelin.1"]}]}},"_links":{"self":[{"href":"https:\/\/observatoire-asap.org\/index.php\/wp-json\/wp\/v2\/pages\/6107","targetHints":{"allow":["GET"]}}],"collection":[{"href":"https:\/\/observatoire-asap.org\/index.php\/wp-json\/wp\/v2\/pages"}],"about":[{"href":"https:\/\/observatoire-asap.org\/index.php\/wp-json\/wp\/v2\/types\/page"}],"author":[{"embeddable":true,"href":"https:\/\/observatoire-asap.org\/index.php\/wp-json\/wp\/v2\/users\/3"}],"replies":[{"embeddable":true,"href":"https:\/\/observatoire-asap.org\/index.php\/wp-json\/wp\/v2\/comments?post=6107"}],"version-history":[{"count":4,"href":"https:\/\/observatoire-asap.org\/index.php\/wp-json\/wp\/v2\/pages\/6107\/revisions"}],"predecessor-version":[{"id":6154,"href":"https:\/\/observatoire-asap.org\/index.php\/wp-json\/wp\/v2\/pages\/6107\/revisions\/6154"}],"wp:attachment":[{"href":"https:\/\/observatoire-asap.org\/index.php\/wp-json\/wp\/v2\/media?parent=6107"}],"curies":[{"name":"wp","href":"https:\/\/api.w.org\/{rel}","templated":true}]}}