{"id":5942,"date":"2024-03-20T23:35:38","date_gmt":"2024-03-20T22:35:38","guid":{"rendered":"https:\/\/observatoire-asap.org\/?page_id=5942"},"modified":"2024-03-20T23:35:40","modified_gmt":"2024-03-20T22:35:40","slug":"lettre-13-03-2024","status":"publish","type":"page","link":"https:\/\/observatoire-asap.org\/index.php\/lettre-13-03-2024\/","title":{"rendered":"Lettre #13 &#8211; 03\/2024"},"content":{"rendered":"\n<p><\/p>\n\n\n\n<div class=\"wp-block-file\"><a id=\"wp-block-file--media-16ab8b20-830b-406c-97db-abd60e5123d4\" href=\"https:\/\/observatoire-asap.org\/wp-content\/uploads\/2024\/03\/ASAP_Lettre_13.pdf\">Lettre#13 compl\u00e8te<\/a><a href=\"https:\/\/observatoire-asap.org\/wp-content\/uploads\/2024\/03\/ASAP_Lettre_13.pdf\" class=\"wp-block-file__button\" download aria-describedby=\"wp-block-file--media-16ab8b20-830b-406c-97db-abd60e5123d4\">T\u00e9l\u00e9charger<\/a><\/div>\n\n\n<h2>1. Tribunes<\/h2>\n<p><span class=\"current\"><a href=\"https:\/\/observatoire-asap.org\/index.php\/2022\/08\/29\/verdir-la-finance-misons-sur-lengrais-plutot-que-sur-la-coloration\/\">VERDIR LA FINANCE\u00a0: Misons sur l\u2019engrais plut\u00f4t que sur la coloration<\/a><\/span> par <a href=\"https:\/\/observatoire-asap.org\/index.php\/2022\/08\/29\/emmanuelle-dubocage\/\">Emmanuelle Dubocage<\/a> et <a href=\"https:\/\/observatoire-asap.org\/index.php\/2022\/08\/29\/stephanie-serve\/\">St\u00e9phanie Serve<\/a><\/p>\n<p>\u00a0<\/p>\n<h2>2. Entretien<\/h2>\n<div class=\"wp-block-column\">\n<p><a href=\"http:\/\/observatoire-asap.org\/index.php\/2022\/08\/18\/entretien-aupres-de-damien-delorme\/\"><span class=\"current\">Entretien aupr\u00e8s de Damien Delorme.<\/span><\/a> Entretien men\u00e9 par <a href=\"http:\/\/observatoire-asap.org\/index.php\/2022\/08\/18\/laurent-tarnaud\/\">Laurent Tarnaud<\/a><\/p>\n<\/div>\n<p>\u00a0<\/p>\n<h2>3. Politique<\/h2>\n<p><a href=\"http:\/\/observatoire-asap.org\/index.php\/2022\/03\/22\/renforcement-de-la-participation-du-citoyen-dans-la-democratie-representative-retablissement-de-confiance-ou-palliatif-de-defiance\/\">Renforcement de la participation du citoyen dans la d\u00e9mocratie repr\u00e9sentative : r\u00e9tablissement de d\u00e9fiance ou palliatif de d\u00e9fiance ?<\/a> par <a href=\"http:\/\/observatoire-asap.org\/index.php\/2020\/10\/20\/fabien-blanchot\/\">Fabien Blanchot <\/a><\/p>\n<h2>\u00a0<\/h2>\n<h2>4. \u00c9conomie<\/h2>\n<p><a href=\"http:\/\/observatoire-asap.org\/index.php\/2022\/03\/17\/levolution-et-etat-des-lieux-des-reglementations-des-faillites\/\">L\u2019\u00e9volution et \u00e9tat des lieux des r\u00e8glementations des faillites<\/a> par <a href=\"https:\/\/observatoire-asap.org\/index.php\/2021\/04\/07\/eric-severin\/\">Eric S\u00e9verin<\/a> et <a href=\"http:\/\/observatoire-asap.org\/index.php\/2022\/03\/17\/david-veganzones\/\">David Veganzones<\/a><\/p>\n<p><span class=\"current\"><a href=\"https:\/\/observatoire-asap.org\/index.php\/2022\/08\/28\/culture-diversite-et-developpement-le-cas-haier\/\">Culture, diversit\u00e9 et d\u00e9veloppement: le cas Haier<\/a><\/span> par <a href=\"https:\/\/observatoire-asap.org\/index.php\/2020\/02\/02\/olivier-meier\/\">Olivier Meier<\/a> et <a href=\"http:\/\/observatoire-asap.org\/index.php\/2020\/11\/16\/eric-le-tallec\/\">Eric Le Tallec<\/a><\/p>\n<p>\u00a0<\/p>\n<h2>5. Management<\/h2>\n<p><a href=\"http:\/\/observatoire-asap.org\/index.php\/2022\/03\/18\/les-defis-de-la-legitimite-dans-les-prises-de-decisions-delicates-le-cas-du-licenciement-de-masse\/\">Les d\u00e9fis de la l\u00e9gitimit\u00e9 dans les prises de d\u00e9cisions d\u00e9licates\u00a0: le cas du licenciement de masse<\/a> par <a href=\"http:\/\/observatoire-asap.org\/index.php\/2020\/02\/27\/jeanne-le-roy\/\">Jeanne Le Roy<\/a><\/p>\n<p><a href=\"http:\/\/observatoire-asap.org\/index.php\/2022\/06\/07\/les-parties-prenantes-le-cas-de-la-relation-manager-fonds-dinvestissement-lors-dun-transfert-externe-de-pme\/\" data-rich-text-format-boundary=\"true\">Parties prenantes : le cas de la relation manager-fonds d\u2019investissement lors d\u2019un transfert externe de pme<\/a> par <a href=\"http:\/\/observatoire-asap.org\/index.php\/2022\/06\/07\/martine-story\/\">Martine Story<\/a><\/p>\n<p>\u00a0<\/p>\n<h2>6. Soci\u00e9tal<\/h2>\n<p><a href=\"http:\/\/observatoire-asap.org\/index.php\/2022\/02\/01\/tatouage-et-droit-duo-de-raison-dune-evolution-societale\/\">Tatouage et droit : duo de raison d\u2019une \u00e9volution soci\u00e9tale<\/a> par <a href=\"http:\/\/observatoire-asap.org\/index.php\/2020\/11\/13\/elizabeth-couzineau-zegwaard\/\">Elizabeth Couzineau-Zegwaard<\/a><\/p>\n<p><a href=\"http:\/\/observatoire-asap.org\/index.php\/2022\/02\/07\/de-la-complexite-des-questions-ethiques-liees-aux-systemes-algorithmiques\/\">De la complexit\u00e9 des questions \u00e9thiques li\u00e9es aux syst\u00e8mes algorithmiques<\/a> par <a href=\"http:\/\/observatoire-asap.org\/index.php\/2022\/02\/07\/sylvie-michel\/\">Sylvie Michel<\/a>, <a href=\"http:\/\/observatoire-asap.org\/index.php\/2022\/02\/07\/sylvie-gerbaix\/\">Sylvie Gerbaix<\/a> et <a href=\"http:\/\/observatoire-asap.org\/index.php\/2022\/01\/04\/marc-bidan\/\">Marc Bidan<\/a><\/p>\n<h2>\u00a0<\/h2>\n<h2>7. Technologie<\/h2>\n<p><a href=\"https:\/\/observatoire-asap.org\/index.php\/2023\/01\/20\/faillites-en-chaine-dans-lindustrie-des-cryptoactifs-vers-une-meilleure-regulation\/\">Faillites en cha\u00eene dans l\u2019industrie des cryptoactifs<\/a> par <a href=\"https:\/\/observatoire-asap.org\/index.php\/2020\/10\/23\/marie-helene-gostiaux\/\">Marie-H\u00e9l\u00e8ne Gostiaux<\/a><\/p>\n<h2>\u00a0<\/h2>\n<p>\u00a0<\/p>\n<p>\u00a0<\/p>\n\n\n<p><\/p>\n\n\n\n<p><\/p>\n","protected":false},"excerpt":{"rendered":"<p>1. Tribunes VERDIR LA FINANCE\u00a0: Misons sur l\u2019engrais plut\u00f4t que sur la coloration par Emmanuelle Dubocage et St\u00e9phanie Serve \u00a0 2. Entretien Entretien aupr\u00e8s de Damien Delorme. Entretien men\u00e9 par Laurent Tarnaud \u00a0 3. Politique Renforcement de la participation du citoyen dans la d\u00e9mocratie repr\u00e9sentative : r\u00e9tablissement de d\u00e9fiance ou palliatif de d\u00e9fiance ? par &hellip; <\/p>\n","protected":false},"author":3,"featured_media":0,"parent":0,"menu_order":0,"comment_status":"closed","ping_status":"closed","template":"","meta":{"spay_email":"","footnotes":""},"class_list":["post-5942","page","type-page","status-publish","hentry"],"yoast_head":"<!-- This site is optimized with the Yoast SEO plugin v24.9 - https:\/\/yoast.com\/wordpress\/plugins\/seo\/ -->\n<title>Lettre #13 - 03\/2024 -<\/title>\n<meta name=\"robots\" content=\"index, follow, max-snippet:-1, max-image-preview:large, max-video-preview:-1\" \/>\n<link rel=\"canonical\" href=\"https:\/\/observatoire-asap.org\/index.php\/lettre-13-03-2024\/\" \/>\n<meta property=\"og:locale\" content=\"fr_FR\" \/>\n<meta property=\"og:type\" content=\"article\" \/>\n<meta property=\"og:title\" content=\"Lettre #13 - 03\/2024 -\" \/>\n<meta property=\"og:description\" content=\"1. Tribunes VERDIR LA FINANCE\u00a0: Misons sur l\u2019engrais plut\u00f4t que sur la coloration par Emmanuelle Dubocage et St\u00e9phanie Serve \u00a0 2. Entretien Entretien aupr\u00e8s de Damien Delorme. Entretien men\u00e9 par Laurent Tarnaud \u00a0 3. Politique Renforcement de la participation du citoyen dans la d\u00e9mocratie repr\u00e9sentative : r\u00e9tablissement de d\u00e9fiance ou palliatif de d\u00e9fiance ? par &hellip;\" \/>\n<meta property=\"og:url\" content=\"https:\/\/observatoire-asap.org\/index.php\/lettre-13-03-2024\/\" \/>\n<meta property=\"article:publisher\" content=\"https:\/\/facebook.com\/fabrice.hamelin.1\" \/>\n<meta property=\"article:modified_time\" content=\"2024-03-20T22:35:40+00:00\" \/>\n<meta name=\"twitter:card\" content=\"summary_large_image\" \/>\n<meta name=\"twitter:label1\" content=\"Dur\u00e9e de lecture estim\u00e9e\" \/>\n\t<meta name=\"twitter:data1\" content=\"1 minute\" \/>\n<script type=\"application\/ld+json\" class=\"yoast-schema-graph\">{\"@context\":\"https:\/\/schema.org\",\"@graph\":[{\"@type\":\"WebPage\",\"@id\":\"https:\/\/observatoire-asap.org\/index.php\/lettre-13-03-2024\/\",\"url\":\"https:\/\/observatoire-asap.org\/index.php\/lettre-13-03-2024\/\",\"name\":\"Lettre #13 - 03\/2024 -\",\"isPartOf\":{\"@id\":\"http:\/\/observatoire-asap.org\/#website\"},\"datePublished\":\"2024-03-20T22:35:38+00:00\",\"dateModified\":\"2024-03-20T22:35:40+00:00\",\"breadcrumb\":{\"@id\":\"https:\/\/observatoire-asap.org\/index.php\/lettre-13-03-2024\/#breadcrumb\"},\"inLanguage\":\"fr-FR\",\"potentialAction\":[{\"@type\":\"ReadAction\",\"target\":[\"https:\/\/observatoire-asap.org\/index.php\/lettre-13-03-2024\/\"]}]},{\"@type\":\"BreadcrumbList\",\"@id\":\"https:\/\/observatoire-asap.org\/index.php\/lettre-13-03-2024\/#breadcrumb\",\"itemListElement\":[{\"@type\":\"ListItem\",\"position\":1,\"name\":\"Accueil\",\"item\":\"http:\/\/observatoire-asap.org\/\"},{\"@type\":\"ListItem\",\"position\":2,\"name\":\"Lettre #13 &#8211; 03\/2024\"}]},{\"@type\":\"WebSite\",\"@id\":\"http:\/\/observatoire-asap.org\/#website\",\"url\":\"http:\/\/observatoire-asap.org\/\",\"name\":\"Action Soci\u00e9tale et Action Publique\",\"description\":\"\",\"publisher\":{\"@id\":\"http:\/\/observatoire-asap.org\/#organization\"},\"potentialAction\":[{\"@type\":\"SearchAction\",\"target\":{\"@type\":\"EntryPoint\",\"urlTemplate\":\"http:\/\/observatoire-asap.org\/?s={search_term_string}\"},\"query-input\":{\"@type\":\"PropertyValueSpecification\",\"valueRequired\":true,\"valueName\":\"search_term_string\"}}],\"inLanguage\":\"fr-FR\"},{\"@type\":\"Organization\",\"@id\":\"http:\/\/observatoire-asap.org\/#organization\",\"name\":\"Laboratoire ASAP\",\"url\":\"http:\/\/observatoire-asap.org\/\",\"logo\":{\"@type\":\"ImageObject\",\"inLanguage\":\"fr-FR\",\"@id\":\"http:\/\/observatoire-asap.org\/#\/schema\/logo\/image\/\",\"url\":\"https:\/\/observatoire-asap.org\/wp-content\/uploads\/2022\/01\/cropped-cropped-ASAP_Plan-de-travail-1.png\",\"contentUrl\":\"https:\/\/observatoire-asap.org\/wp-content\/uploads\/2022\/01\/cropped-cropped-ASAP_Plan-de-travail-1.png\",\"width\":1345,\"height\":426,\"caption\":\"Laboratoire ASAP\"},\"image\":{\"@id\":\"http:\/\/observatoire-asap.org\/#\/schema\/logo\/image\/\"},\"sameAs\":[\"https:\/\/facebook.com\/fabrice.hamelin.1\"]}]}<\/script>\n<!-- \/ Yoast SEO plugin. -->","yoast_head_json":{"title":"Lettre #13 - 03\/2024 -","robots":{"index":"index","follow":"follow","max-snippet":"max-snippet:-1","max-image-preview":"max-image-preview:large","max-video-preview":"max-video-preview:-1"},"canonical":"https:\/\/observatoire-asap.org\/index.php\/lettre-13-03-2024\/","og_locale":"fr_FR","og_type":"article","og_title":"Lettre #13 - 03\/2024 -","og_description":"1. Tribunes VERDIR LA FINANCE\u00a0: Misons sur l\u2019engrais plut\u00f4t que sur la coloration par Emmanuelle Dubocage et St\u00e9phanie Serve \u00a0 2. Entretien Entretien aupr\u00e8s de Damien Delorme. Entretien men\u00e9 par Laurent Tarnaud \u00a0 3. Politique Renforcement de la participation du citoyen dans la d\u00e9mocratie repr\u00e9sentative : r\u00e9tablissement de d\u00e9fiance ou palliatif de d\u00e9fiance ? par &hellip;","og_url":"https:\/\/observatoire-asap.org\/index.php\/lettre-13-03-2024\/","article_publisher":"https:\/\/facebook.com\/fabrice.hamelin.1","article_modified_time":"2024-03-20T22:35:40+00:00","twitter_card":"summary_large_image","twitter_misc":{"Dur\u00e9e de lecture estim\u00e9e":"1 minute"},"schema":{"@context":"https:\/\/schema.org","@graph":[{"@type":"WebPage","@id":"https:\/\/observatoire-asap.org\/index.php\/lettre-13-03-2024\/","url":"https:\/\/observatoire-asap.org\/index.php\/lettre-13-03-2024\/","name":"Lettre #13 - 03\/2024 -","isPartOf":{"@id":"http:\/\/observatoire-asap.org\/#website"},"datePublished":"2024-03-20T22:35:38+00:00","dateModified":"2024-03-20T22:35:40+00:00","breadcrumb":{"@id":"https:\/\/observatoire-asap.org\/index.php\/lettre-13-03-2024\/#breadcrumb"},"inLanguage":"fr-FR","potentialAction":[{"@type":"ReadAction","target":["https:\/\/observatoire-asap.org\/index.php\/lettre-13-03-2024\/"]}]},{"@type":"BreadcrumbList","@id":"https:\/\/observatoire-asap.org\/index.php\/lettre-13-03-2024\/#breadcrumb","itemListElement":[{"@type":"ListItem","position":1,"name":"Accueil","item":"http:\/\/observatoire-asap.org\/"},{"@type":"ListItem","position":2,"name":"Lettre #13 &#8211; 03\/2024"}]},{"@type":"WebSite","@id":"http:\/\/observatoire-asap.org\/#website","url":"http:\/\/observatoire-asap.org\/","name":"Action Soci\u00e9tale et Action Publique","description":"","publisher":{"@id":"http:\/\/observatoire-asap.org\/#organization"},"potentialAction":[{"@type":"SearchAction","target":{"@type":"EntryPoint","urlTemplate":"http:\/\/observatoire-asap.org\/?s={search_term_string}"},"query-input":{"@type":"PropertyValueSpecification","valueRequired":true,"valueName":"search_term_string"}}],"inLanguage":"fr-FR"},{"@type":"Organization","@id":"http:\/\/observatoire-asap.org\/#organization","name":"Laboratoire ASAP","url":"http:\/\/observatoire-asap.org\/","logo":{"@type":"ImageObject","inLanguage":"fr-FR","@id":"http:\/\/observatoire-asap.org\/#\/schema\/logo\/image\/","url":"https:\/\/observatoire-asap.org\/wp-content\/uploads\/2022\/01\/cropped-cropped-ASAP_Plan-de-travail-1.png","contentUrl":"https:\/\/observatoire-asap.org\/wp-content\/uploads\/2022\/01\/cropped-cropped-ASAP_Plan-de-travail-1.png","width":1345,"height":426,"caption":"Laboratoire ASAP"},"image":{"@id":"http:\/\/observatoire-asap.org\/#\/schema\/logo\/image\/"},"sameAs":["https:\/\/facebook.com\/fabrice.hamelin.1"]}]}},"_links":{"self":[{"href":"https:\/\/observatoire-asap.org\/index.php\/wp-json\/wp\/v2\/pages\/5942","targetHints":{"allow":["GET"]}}],"collection":[{"href":"https:\/\/observatoire-asap.org\/index.php\/wp-json\/wp\/v2\/pages"}],"about":[{"href":"https:\/\/observatoire-asap.org\/index.php\/wp-json\/wp\/v2\/types\/page"}],"author":[{"embeddable":true,"href":"https:\/\/observatoire-asap.org\/index.php\/wp-json\/wp\/v2\/users\/3"}],"replies":[{"embeddable":true,"href":"https:\/\/observatoire-asap.org\/index.php\/wp-json\/wp\/v2\/comments?post=5942"}],"version-history":[{"count":4,"href":"https:\/\/observatoire-asap.org\/index.php\/wp-json\/wp\/v2\/pages\/5942\/revisions"}],"predecessor-version":[{"id":6110,"href":"https:\/\/observatoire-asap.org\/index.php\/wp-json\/wp\/v2\/pages\/5942\/revisions\/6110"}],"wp:attachment":[{"href":"https:\/\/observatoire-asap.org\/index.php\/wp-json\/wp\/v2\/media?parent=5942"}],"curies":[{"name":"wp","href":"https:\/\/api.w.org\/{rel}","templated":true}]}}