{"id":5111,"date":"2022-08-25T13:05:29","date_gmt":"2022-08-25T11:05:29","guid":{"rendered":"https:\/\/observatoire-asap.org\/?page_id=5111"},"modified":"2022-08-25T13:07:36","modified_gmt":"2022-08-25T11:07:36","slug":"jerome-korenfeld","status":"publish","type":"page","link":"https:\/\/observatoire-asap.org\/index.php\/jerome-korenfeld\/","title":{"rendered":"J\u00e9r\u00f4me Korenfeld"},"content":{"rendered":"<p style=\"text-align: justify;\"><strong>J\u00e9r\u00f4me Korenfeld <\/strong>est <strong>Executive Coach d\u2019organisation HEC (2014<\/strong>). Il intervient \u00e9galement en formation et donne des conf\u00e9rences aupr\u00e8s de chefs d\u2019entreprises. Il est Charg\u00e9 d\u2019enseignement en Change Management, module qu\u2019il a cr\u00e9\u00e9, \u00e0 l\u2019Universit\u00e9 Paris Est. Il est Membre et Tr\u00e9sorier du Cercle Europ\u00e9en des Coachs d&rsquo;Organisation Professionnels (CECORP adh\u00e9rent au SIMACS).<\/p>\n<p style=\"text-align: justify;\">Il a une expertise dans le <strong>fonctionnement psychologique des groupes face au changement<\/strong>. Un prisme fondamental pour les dirigeants pour la gestion de leurs \u00e9quipes dans des contextes de transformation.<\/p>\n<p style=\"text-align: justify;\">Depuis 2005, il d\u00e9veloppe <strong>un accompagnement sp\u00e9cifique pour les dirigeants atypiques<\/strong> qui rencontrent des obstacles dans leur fonctionnement avec \u00ab&nbsp;leur \u00e9cosyst\u00e8me&nbsp;\u00bb. &nbsp;<\/p>\n\n\n<p><\/p>\n","protected":false},"excerpt":{"rendered":"<p>J\u00e9r\u00f4me Korenfeld est Executive Coach d\u2019organisation HEC (2014). Il intervient \u00e9galement en formation et donne des conf\u00e9rences aupr\u00e8s de chefs d\u2019entreprises. Il est Charg\u00e9 d\u2019enseignement en Change Management, module qu\u2019il a cr\u00e9\u00e9, \u00e0 l\u2019Universit\u00e9 Paris Est. Il est Membre et Tr\u00e9sorier du Cercle Europ\u00e9en des Coachs d&rsquo;Organisation Professionnels (CECORP adh\u00e9rent au SIMACS). Il a une &hellip; <\/p>\n","protected":false},"author":1,"featured_media":5114,"parent":0,"menu_order":0,"comment_status":"closed","ping_status":"closed","template":"","meta":{"spay_email":"","footnotes":""},"class_list":["post-5111","page","type-page","status-publish","has-post-thumbnail","hentry"],"yoast_head":"<!-- This site is optimized with the Yoast SEO plugin v24.9 - https:\/\/yoast.com\/wordpress\/plugins\/seo\/ -->\n<title>J\u00e9r\u00f4me Korenfeld -<\/title>\n<meta name=\"robots\" content=\"index, follow, max-snippet:-1, max-image-preview:large, max-video-preview:-1\" \/>\n<link rel=\"canonical\" href=\"https:\/\/observatoire-asap.org\/index.php\/jerome-korenfeld\/\" \/>\n<meta property=\"og:locale\" content=\"fr_FR\" \/>\n<meta property=\"og:type\" content=\"article\" \/>\n<meta property=\"og:title\" content=\"J\u00e9r\u00f4me Korenfeld -\" \/>\n<meta property=\"og:description\" content=\"J\u00e9r\u00f4me Korenfeld est Executive Coach d\u2019organisation HEC (2014). Il intervient \u00e9galement en formation et donne des conf\u00e9rences aupr\u00e8s de chefs d\u2019entreprises. Il est Charg\u00e9 d\u2019enseignement en Change Management, module qu\u2019il a cr\u00e9\u00e9, \u00e0 l\u2019Universit\u00e9 Paris Est. Il est Membre et Tr\u00e9sorier du Cercle Europ\u00e9en des Coachs d&rsquo;Organisation Professionnels (CECORP adh\u00e9rent au SIMACS). Il a une &hellip;\" \/>\n<meta property=\"og:url\" content=\"https:\/\/observatoire-asap.org\/index.php\/jerome-korenfeld\/\" \/>\n<meta property=\"article:publisher\" content=\"https:\/\/facebook.com\/fabrice.hamelin.1\" \/>\n<meta property=\"article:modified_time\" content=\"2022-08-25T11:07:36+00:00\" \/>\n<meta property=\"og:image\" content=\"https:\/\/observatoire-asap.org\/wp-content\/uploads\/2022\/08\/Aindex-1.jpg\" \/>\n\t<meta property=\"og:image:width\" content=\"183\" \/>\n\t<meta property=\"og:image:height\" content=\"276\" \/>\n\t<meta property=\"og:image:type\" content=\"image\/jpeg\" \/>\n<meta name=\"twitter:card\" content=\"summary_large_image\" \/>\n<script type=\"application\/ld+json\" class=\"yoast-schema-graph\">{\"@context\":\"https:\/\/schema.org\",\"@graph\":[{\"@type\":\"WebPage\",\"@id\":\"https:\/\/observatoire-asap.org\/index.php\/jerome-korenfeld\/\",\"url\":\"https:\/\/observatoire-asap.org\/index.php\/jerome-korenfeld\/\",\"name\":\"J\u00e9r\u00f4me Korenfeld -\",\"isPartOf\":{\"@id\":\"http:\/\/observatoire-asap.org\/#website\"},\"primaryImageOfPage\":{\"@id\":\"https:\/\/observatoire-asap.org\/index.php\/jerome-korenfeld\/#primaryimage\"},\"image\":{\"@id\":\"https:\/\/observatoire-asap.org\/index.php\/jerome-korenfeld\/#primaryimage\"},\"thumbnailUrl\":\"https:\/\/observatoire-asap.org\/wp-content\/uploads\/2022\/08\/Aindex-1.jpg\",\"datePublished\":\"2022-08-25T11:05:29+00:00\",\"dateModified\":\"2022-08-25T11:07:36+00:00\",\"breadcrumb\":{\"@id\":\"https:\/\/observatoire-asap.org\/index.php\/jerome-korenfeld\/#breadcrumb\"},\"inLanguage\":\"fr-FR\",\"potentialAction\":[{\"@type\":\"ReadAction\",\"target\":[\"https:\/\/observatoire-asap.org\/index.php\/jerome-korenfeld\/\"]}]},{\"@type\":\"ImageObject\",\"inLanguage\":\"fr-FR\",\"@id\":\"https:\/\/observatoire-asap.org\/index.php\/jerome-korenfeld\/#primaryimage\",\"url\":\"https:\/\/observatoire-asap.org\/wp-content\/uploads\/2022\/08\/Aindex-1.jpg\",\"contentUrl\":\"https:\/\/observatoire-asap.org\/wp-content\/uploads\/2022\/08\/Aindex-1.jpg\",\"width\":183,\"height\":276},{\"@type\":\"BreadcrumbList\",\"@id\":\"https:\/\/observatoire-asap.org\/index.php\/jerome-korenfeld\/#breadcrumb\",\"itemListElement\":[{\"@type\":\"ListItem\",\"position\":1,\"name\":\"Accueil\",\"item\":\"http:\/\/observatoire-asap.org\/\"},{\"@type\":\"ListItem\",\"position\":2,\"name\":\"J\u00e9r\u00f4me Korenfeld\"}]},{\"@type\":\"WebSite\",\"@id\":\"http:\/\/observatoire-asap.org\/#website\",\"url\":\"http:\/\/observatoire-asap.org\/\",\"name\":\"Action Soci\u00e9tale et Action Publique\",\"description\":\"\",\"publisher\":{\"@id\":\"http:\/\/observatoire-asap.org\/#organization\"},\"potentialAction\":[{\"@type\":\"SearchAction\",\"target\":{\"@type\":\"EntryPoint\",\"urlTemplate\":\"http:\/\/observatoire-asap.org\/?s={search_term_string}\"},\"query-input\":{\"@type\":\"PropertyValueSpecification\",\"valueRequired\":true,\"valueName\":\"search_term_string\"}}],\"inLanguage\":\"fr-FR\"},{\"@type\":\"Organization\",\"@id\":\"http:\/\/observatoire-asap.org\/#organization\",\"name\":\"Laboratoire ASAP\",\"url\":\"http:\/\/observatoire-asap.org\/\",\"logo\":{\"@type\":\"ImageObject\",\"inLanguage\":\"fr-FR\",\"@id\":\"http:\/\/observatoire-asap.org\/#\/schema\/logo\/image\/\",\"url\":\"https:\/\/observatoire-asap.org\/wp-content\/uploads\/2022\/01\/cropped-cropped-ASAP_Plan-de-travail-1.png\",\"contentUrl\":\"https:\/\/observatoire-asap.org\/wp-content\/uploads\/2022\/01\/cropped-cropped-ASAP_Plan-de-travail-1.png\",\"width\":1345,\"height\":426,\"caption\":\"Laboratoire ASAP\"},\"image\":{\"@id\":\"http:\/\/observatoire-asap.org\/#\/schema\/logo\/image\/\"},\"sameAs\":[\"https:\/\/facebook.com\/fabrice.hamelin.1\"]}]}<\/script>\n<!-- \/ Yoast SEO plugin. -->","yoast_head_json":{"title":"J\u00e9r\u00f4me Korenfeld -","robots":{"index":"index","follow":"follow","max-snippet":"max-snippet:-1","max-image-preview":"max-image-preview:large","max-video-preview":"max-video-preview:-1"},"canonical":"https:\/\/observatoire-asap.org\/index.php\/jerome-korenfeld\/","og_locale":"fr_FR","og_type":"article","og_title":"J\u00e9r\u00f4me Korenfeld -","og_description":"J\u00e9r\u00f4me Korenfeld est Executive Coach d\u2019organisation HEC (2014). Il intervient \u00e9galement en formation et donne des conf\u00e9rences aupr\u00e8s de chefs d\u2019entreprises. Il est Charg\u00e9 d\u2019enseignement en Change Management, module qu\u2019il a cr\u00e9\u00e9, \u00e0 l\u2019Universit\u00e9 Paris Est. Il est Membre et Tr\u00e9sorier du Cercle Europ\u00e9en des Coachs d&rsquo;Organisation Professionnels (CECORP adh\u00e9rent au SIMACS). Il a une &hellip;","og_url":"https:\/\/observatoire-asap.org\/index.php\/jerome-korenfeld\/","article_publisher":"https:\/\/facebook.com\/fabrice.hamelin.1","article_modified_time":"2022-08-25T11:07:36+00:00","og_image":[{"width":183,"height":276,"url":"https:\/\/observatoire-asap.org\/wp-content\/uploads\/2022\/08\/Aindex-1.jpg","type":"image\/jpeg"}],"twitter_card":"summary_large_image","schema":{"@context":"https:\/\/schema.org","@graph":[{"@type":"WebPage","@id":"https:\/\/observatoire-asap.org\/index.php\/jerome-korenfeld\/","url":"https:\/\/observatoire-asap.org\/index.php\/jerome-korenfeld\/","name":"J\u00e9r\u00f4me Korenfeld -","isPartOf":{"@id":"http:\/\/observatoire-asap.org\/#website"},"primaryImageOfPage":{"@id":"https:\/\/observatoire-asap.org\/index.php\/jerome-korenfeld\/#primaryimage"},"image":{"@id":"https:\/\/observatoire-asap.org\/index.php\/jerome-korenfeld\/#primaryimage"},"thumbnailUrl":"https:\/\/observatoire-asap.org\/wp-content\/uploads\/2022\/08\/Aindex-1.jpg","datePublished":"2022-08-25T11:05:29+00:00","dateModified":"2022-08-25T11:07:36+00:00","breadcrumb":{"@id":"https:\/\/observatoire-asap.org\/index.php\/jerome-korenfeld\/#breadcrumb"},"inLanguage":"fr-FR","potentialAction":[{"@type":"ReadAction","target":["https:\/\/observatoire-asap.org\/index.php\/jerome-korenfeld\/"]}]},{"@type":"ImageObject","inLanguage":"fr-FR","@id":"https:\/\/observatoire-asap.org\/index.php\/jerome-korenfeld\/#primaryimage","url":"https:\/\/observatoire-asap.org\/wp-content\/uploads\/2022\/08\/Aindex-1.jpg","contentUrl":"https:\/\/observatoire-asap.org\/wp-content\/uploads\/2022\/08\/Aindex-1.jpg","width":183,"height":276},{"@type":"BreadcrumbList","@id":"https:\/\/observatoire-asap.org\/index.php\/jerome-korenfeld\/#breadcrumb","itemListElement":[{"@type":"ListItem","position":1,"name":"Accueil","item":"http:\/\/observatoire-asap.org\/"},{"@type":"ListItem","position":2,"name":"J\u00e9r\u00f4me Korenfeld"}]},{"@type":"WebSite","@id":"http:\/\/observatoire-asap.org\/#website","url":"http:\/\/observatoire-asap.org\/","name":"Action Soci\u00e9tale et Action Publique","description":"","publisher":{"@id":"http:\/\/observatoire-asap.org\/#organization"},"potentialAction":[{"@type":"SearchAction","target":{"@type":"EntryPoint","urlTemplate":"http:\/\/observatoire-asap.org\/?s={search_term_string}"},"query-input":{"@type":"PropertyValueSpecification","valueRequired":true,"valueName":"search_term_string"}}],"inLanguage":"fr-FR"},{"@type":"Organization","@id":"http:\/\/observatoire-asap.org\/#organization","name":"Laboratoire ASAP","url":"http:\/\/observatoire-asap.org\/","logo":{"@type":"ImageObject","inLanguage":"fr-FR","@id":"http:\/\/observatoire-asap.org\/#\/schema\/logo\/image\/","url":"https:\/\/observatoire-asap.org\/wp-content\/uploads\/2022\/01\/cropped-cropped-ASAP_Plan-de-travail-1.png","contentUrl":"https:\/\/observatoire-asap.org\/wp-content\/uploads\/2022\/01\/cropped-cropped-ASAP_Plan-de-travail-1.png","width":1345,"height":426,"caption":"Laboratoire ASAP"},"image":{"@id":"http:\/\/observatoire-asap.org\/#\/schema\/logo\/image\/"},"sameAs":["https:\/\/facebook.com\/fabrice.hamelin.1"]}]}},"_links":{"self":[{"href":"https:\/\/observatoire-asap.org\/index.php\/wp-json\/wp\/v2\/pages\/5111","targetHints":{"allow":["GET"]}}],"collection":[{"href":"https:\/\/observatoire-asap.org\/index.php\/wp-json\/wp\/v2\/pages"}],"about":[{"href":"https:\/\/observatoire-asap.org\/index.php\/wp-json\/wp\/v2\/types\/page"}],"author":[{"embeddable":true,"href":"https:\/\/observatoire-asap.org\/index.php\/wp-json\/wp\/v2\/users\/1"}],"replies":[{"embeddable":true,"href":"https:\/\/observatoire-asap.org\/index.php\/wp-json\/wp\/v2\/comments?post=5111"}],"version-history":[{"count":2,"href":"https:\/\/observatoire-asap.org\/index.php\/wp-json\/wp\/v2\/pages\/5111\/revisions"}],"predecessor-version":[{"id":5115,"href":"https:\/\/observatoire-asap.org\/index.php\/wp-json\/wp\/v2\/pages\/5111\/revisions\/5115"}],"wp:featuredmedia":[{"embeddable":true,"href":"https:\/\/observatoire-asap.org\/index.php\/wp-json\/wp\/v2\/media\/5114"}],"wp:attachment":[{"href":"https:\/\/observatoire-asap.org\/index.php\/wp-json\/wp\/v2\/media?parent=5111"}],"curies":[{"name":"wp","href":"https:\/\/api.w.org\/{rel}","templated":true}]}}

Jérôme Korenfeld

<p style="text-align: justify;"><strong>Jérôme Korenfeld </strong>est <strong>Executive Coach d’organisation HEC (2014</strong>). Il intervient également en formation et donne des conférences auprès de chefs d’entreprises. Il est Chargé d’enseignement en Change Management, module qu’il a créé, à l’Université Paris Est. Il est Membre et Trésorier du Cercle Européen des Coachs d&rsquo;Organisation Professionnels (CECORP adhérent au SIMACS).</p>
<p style="text-align: justify;">Il a une expertise dans le <strong>fonctionnement psychologique des groupes face au changement</strong>. Un prisme fondamental pour les dirigeants pour la gestion de leurs équipes dans des contextes de transformation.</p>
<p style="text-align: justify;">Depuis 2005, il développe <strong>un accompagnement spécifique pour les dirigeants atypiques</strong> qui rencontrent des obstacles dans leur fonctionnement avec «&nbsp;leur écosystème&nbsp;». &nbsp;</p>


<p></p>

<p>Jérôme Korenfeld est Executive Coach d’organisation HEC (2014). Il intervient également en formation et donne des conférences auprès de chefs d’entreprises. Il est Chargé d’enseignement en Change Management, module qu’il a créé, à l’Université Paris Est. Il est Membre et Trésorier du Cercle Européen des Coachs d&rsquo;Organisation Professionnels (CECORP adhérent au SIMACS). Il a une &hellip; </p>

<!-- This site is optimized with the Yoast SEO plugin v24.9 - https://yoast.com/wordpress/plugins/seo/ -->
<title>Jérôme Korenfeld -</title>
<meta name="robots" content="index, follow, max-snippet:-1, max-image-preview:large, max-video-preview:-1" />
<link rel="canonical" href="https://observatoire-asap.org/index.php/jerome-korenfeld/" />
<meta property="og:locale" content="fr_FR" />
<meta property="og:type" content="article" />
<meta property="og:title" content="Jérôme Korenfeld -" />
<meta property="og:description" content="Jérôme Korenfeld est Executive Coach d’organisation HEC (2014). Il intervient également en formation et donne des conférences auprès de chefs d’entreprises. Il est Chargé d’enseignement en Change Management, module qu’il a créé, à l’Université Paris Est. Il est Membre et Trésorier du Cercle Européen des Coachs d&rsquo;Organisation Professionnels (CECORP adhérent au SIMACS). Il a une &hellip;" />
<meta property="og:url" content="https://observatoire-asap.org/index.php/jerome-korenfeld/" />
<meta property="article:publisher" content="https://facebook.com/fabrice.hamelin.1" />
<meta property="article:modified_time" content="2022-08-25T11:07:36+00:00" />
<meta property="og:image" content="https://observatoire-asap.org/wp-content/uploads/2022/08/Aindex-1.jpg" />
	<meta property="og:image:width" content="183" />
	<meta property="og:image:height" content="276" />
	<meta property="og:image:type" content="image/jpeg" />
<meta name="twitter:card" content="summary_large_image" />
<script type="application/ld+json" class="yoast-schema-graph">{"@context":"https://schema.org","@graph":[{"@type":"WebPage","@id":"https://observatoire-asap.org/index.php/jerome-korenfeld/","url":"https://observatoire-asap.org/index.php/jerome-korenfeld/","name":"Jérôme Korenfeld -","isPartOf":{"@id":"http://observatoire-asap.org/#website"},"primaryImageOfPage":{"@id":"https://observatoire-asap.org/index.php/jerome-korenfeld/#primaryimage"},"image":{"@id":"https://observatoire-asap.org/index.php/jerome-korenfeld/#primaryimage"},"thumbnailUrl":"https://observatoire-asap.org/wp-content/uploads/2022/08/Aindex-1.jpg","datePublished":"2022-08-25T11:05:29+00:00","dateModified":"2022-08-25T11:07:36+00:00","breadcrumb":{"@id":"https://observatoire-asap.org/index.php/jerome-korenfeld/#breadcrumb"},"inLanguage":"fr-FR","potentialAction":[{"@type":"ReadAction","target":["https://observatoire-asap.org/index.php/jerome-korenfeld/"]}]},{"@type":"ImageObject","inLanguage":"fr-FR","@id":"https://observatoire-asap.org/index.php/jerome-korenfeld/#primaryimage","url":"https://observatoire-asap.org/wp-content/uploads/2022/08/Aindex-1.jpg","contentUrl":"https://observatoire-asap.org/wp-content/uploads/2022/08/Aindex-1.jpg","width":183,"height":276},{"@type":"BreadcrumbList","@id":"https://observatoire-asap.org/index.php/jerome-korenfeld/#breadcrumb","itemListElement":[{"@type":"ListItem","position":1,"name":"Accueil","item":"http://observatoire-asap.org/"},{"@type":"ListItem","position":2,"name":"Jérôme Korenfeld"}]},{"@type":"WebSite","@id":"http://observatoire-asap.org/#website","url":"http://observatoire-asap.org/","name":"Action Sociétale et Action Publique","description":"","publisher":{"@id":"http://observatoire-asap.org/#organization"},"potentialAction":[{"@type":"SearchAction","target":{"@type":"EntryPoint","urlTemplate":"http://observatoire-asap.org/?s={search_term_string}"},"query-input":{"@type":"PropertyValueSpecification","valueRequired":true,"valueName":"search_term_string"}}],"inLanguage":"fr-FR"},{"@type":"Organization","@id":"http://observatoire-asap.org/#organization","name":"Laboratoire ASAP","url":"http://observatoire-asap.org/","logo":{"@type":"ImageObject","inLanguage":"fr-FR","@id":"http://observatoire-asap.org/#/schema/logo/image/","url":"https://observatoire-asap.org/wp-content/uploads/2022/01/cropped-cropped-ASAP_Plan-de-travail-1.png","contentUrl":"https://observatoire-asap.org/wp-content/uploads/2022/01/cropped-cropped-ASAP_Plan-de-travail-1.png","width":1345,"height":426,"caption":"Laboratoire ASAP"},"image":{"@id":"http://observatoire-asap.org/#/schema/logo/image/"},"sameAs":["https://facebook.com/fabrice.hamelin.1"]}]}</script>
<!-- / Yoast SEO plugin. -->

Jérôme Korenfeld -

Jérôme Korenfeld est Executive Coach d’organisation HEC (2014). Il intervient également en formation et donne des conférences auprès de chefs d’entreprises. Il est Chargé d’enseignement en Change Management, module qu’il a créé, à l’Université Paris Est. Il est Membre et Trésorier du Cercle Européen des Coachs d&rsquo;Organisation Professionnels (CECORP adhérent au SIMACS). Il a une &hellip;

Action Sociétale et Action Publique
