{"id":308,"date":"2020-07-13T10:46:06","date_gmt":"2020-07-13T08:46:06","guid":{"rendered":"http:\/\/observatoire-asap.org\/?page_id=308"},"modified":"2025-04-11T09:55:34","modified_gmt":"2025-04-11T07:55:34","slug":"technologie","status":"publish","type":"page","link":"https:\/\/observatoire-asap.org\/index.php\/technologie\/","title":{"rendered":"Technologie"},"content":{"rendered":"\n<ul class=\"wp-block-list\">\n<li><a href=\"https:\/\/observatoire-asap.org\/index.php\/2025\/04\/11\/penser-les-boundary-conditions-entre-lhomme-et-la-machine-dintelligence-artificielle\/\">Penser les \u00ab\u00a0boundary conditions\u00a0\u00bb entre l&rsquo;homme et la machine d&rsquo;IA<\/a> par <a href=\"https:\/\/observatoire-asap.org\/index.php\/2025\/04\/11\/rim-hachana\/\">Rim Hachana<\/a> et <a href=\"https:\/\/observatoire-asap.org\/index.php\/2025\/04\/11\/patrick-gilormini\/\">Patrick Gilormini<\/a><\/li>\n\n\n\n<li><a href=\"https:\/\/observatoire-asap.org\/index.php\/2025\/03\/27\/quand-la-reglementation-stimule-linnovation-mythe-ou-realite\/\">Quand la r\u00e9glementation stimule l&rsquo;innovation : mythe ou r\u00e9alit\u00e9 ?<\/a> par <a href=\"http:\/\/observatoire-asap.org\/index.php\/2023\/12\/01\/nabila-arfaoui\/\">Nabila Arfaoui<\/a><\/li>\n\n\n\n<li><a href=\"https:\/\/observatoire-asap.org\/index.php\/2024\/03\/29\/intelligence-artificielle-une-solution-pour-les-entreprises-face-a-lincertitude-economique\/\">Intelligence artificielle : une solution pour les entreprises face \u00e0 l&rsquo;incertitude \u00e9conomique<\/a> par <a href=\"http:\/\/observatoire-asap.org\/index.php\/2022\/03\/17\/david-veganzones\/\">David Veganzones<\/a><\/li>\n\n\n\n<li><a href=\"http:\/\/observatoire-asap.org\/index.php\/2023\/04\/04\/chatgpt-et-la-course-effrenee-a-lia\/\">ChatGPT et la course effr\u00e9n\u00e9e \u00e0 l&rsquo;IA<\/a> par <a href=\"https:\/\/observatoire-asap.org\/index.php\/2020\/10\/23\/marie-helene-gostiaux\/\">Marie-H\u00e9l\u00e8ne Gostiaux<\/a><\/li>\n\n\n\n<li><a href=\"http:\/\/observatoire-asap.org\/index.php\/2023\/03\/06\/chatgpt-et-la-prophetie-de-deleuze\/\">ChatGPT et la proph\u00e9tie de Deleuze<\/a> par <a href=\"http:\/\/observatoire-asap.org\/index.php\/2023\/02\/07\/patrick-storhaye\/\">Patrick Storhaye<\/a><\/li>\n\n\n\n<li><a href=\"http:\/\/observatoire-asap.org\/index.php\/2023\/02\/06\/metavers-nous-aurons-bientot-tous-un-casque-de-realite-virtuelle\/\">Metavers, nous aurons bient\u00f4t tous un casque de r\u00e9alit\u00e9 virtuelle&nbsp;!<\/a> par <a href=\"http:\/\/observatoire-asap.org\/index.php\/2022\/12\/05\/florent-cochard\/\">Florent Cochard<\/a><\/li>\n\n\n\n<li><a href=\"https:\/\/observatoire-asap.org\/index.php\/2023\/01\/20\/faillites-en-chaine-dans-lindustrie-des-cryptoactifs-vers-une-meilleure-regulation\/\">Faillites en cha\u00eene dans l&rsquo;industrie des cryptoactifs<\/a> par <a href=\"https:\/\/observatoire-asap.org\/index.php\/2020\/10\/23\/marie-helene-gostiaux\/\">Marie-H\u00e9l\u00e8ne Gostiaux<\/a><\/li>\n\n\n\n<li><a href=\"http:\/\/observatoire-asap.org\/index.php\/2022\/10\/18\/vers-une-troisieme-revolution-quantique-organisationnelle-et-decisionnelle\/\">Vers une troisi\u00e8me r\u00e9volution quantique organisationnelle et d\u00e9cisionnelle ?<\/a> par <a href=\"http:\/\/observatoire-asap.org\/index.php\/2022\/01\/04\/marc-bidan\/\">Marc Bidan<\/a> et<a href=\"http:\/\/observatoire-asap.org\/index.php\/2022\/10\/18\/remy-fevrier\/\"> R\u00e9my F\u00e9vrier<\/a><\/li>\n\n\n\n<li><a href=\"http:\/\/observatoire-asap.org\/index.php\/2022\/09\/23\/le-devenir-du-metier-de-compositeur-de-musique-a-lere-du-numerique\/\">Le devenir du m\u00e9tier de compositeur \u00e0 l&rsquo;\u00e8re du num\u00e9rique<\/a> par <a href=\"http:\/\/observatoire-asap.org\/index.php\/2021\/04\/27\/nicolas-anne\/\">Nicolas Anne<\/a><\/li>\n\n\n\n<li><a href=\"https:\/\/observatoire-asap.org\/index.php\/2022\/08\/15\/que-peuvent-apporter-les-technologies-numeriques-au-fonctionnement-du-cnu\/\">Que peuvent apporter les technologies num\u00e9riques au fonctionnement du CNU<\/a> par J-F Lemoine et <a href=\"https:\/\/observatoire-asap.org\/index.php\/2020\/11\/25\/jean-fabrice-lebraty\/\">J-F Lebraty<\/a><\/li>\n\n\n\n<li><a href=\"http:\/\/observatoire-asap.org\/index.php\/2021\/09\/28\/grh-et-solutions-digitales-la-technologie-au-service-des-clients\/\">GRH et solutions digitales : la technologie au service des clients<\/a> par <a href=\"http:\/\/observatoire-asap.org\/index.php\/2020\/11\/16\/eric-le-tallec\/\">Eric le Tallec<\/a><\/li>\n\n\n\n<li><a href=\"http:\/\/observatoire-asap.org\/index.php\/2021\/04\/28\/transformer-la-cybersecurite-par-la-durabilite\/\">Transformer la cybers\u00e9curit\u00e9 par la durabilit\u00e9<\/a> par <a href=\"http:\/\/observatoire-asap.org\/index.php\/2020\/02\/27\/jeanne-le-roy\/\">Jeanne Le Roy<\/a> et <a href=\"http:\/\/observatoire-asap.org\/index.php\/2020\/02\/02\/olivier-meier\/\">Olivier Meier<\/a><\/li>\n\n\n\n<li><a href=\"http:\/\/observatoire-asap.org\/index.php\/2021\/03\/29\/pour-une-strategie-hybride-face-a-la-covid\/\">Pour une strat\u00e9gie hybride face \u00e0 la Covid<\/a> par <a href=\"http:\/\/observatoire-asap.org\/index.php\/2020\/11\/25\/jean-fabrice-lebraty\/\">Jean-Fabrice Lebarty<\/a><\/li>\n\n\n\n<li><a href=\"https:\/\/observatoire-asap.org\/index.php\/2021\/03\/02\/la-mise-a-disposition-de-donnees-de-consommation-et-de-confort-comme-levier-de-changement-de-pratiques-energetiques\/\">La mise \u00e0 disposition de donn\u00e9es comme levier de changement ?<\/a> <a href=\"http:\/\/observatoire-asap.org\/index.php\/2020\/02\/02\/lolita-rubens\/\">L. Rubens<\/a>, <a href=\"http:\/\/observatoire-asap.org\/index.php\/2020\/10\/16\/johanna-le-conte\/\">J. Le Conte<\/a>, <a href=\"https:\/\/observatoire-asap.org\/index.php\/2021\/03\/15\/christele-assegond\/\">C. Assegond<\/a> et <a href=\"https:\/\/observatoire-asap.org\/index.php\/2021\/03\/11\/raphael-salvazet\/\">R. Salvazet<\/a><\/li>\n\n\n\n<li><a href=\"http:\/\/observatoire-asap.org\/index.php\/2021\/02\/25\/le-reseau-social-dentreprise-du-service-public-la-nouvelle-relation-digitale-avec-les-clients-usagers\/\">Le R\u00e9seau Social d&rsquo;Entreprise du Service Public : la nouvelle relation digitale avec les clients\/usagers<\/a> par <a href=\"http:\/\/observatoire-asap.org\/index.php\/2020\/11\/26\/ronald-boucher\/\">Ronald Boucher<\/a><\/li>\n\n\n\n<li><a href=\"http:\/\/observatoire-asap.org\/index.php\/2021\/01\/19\/digitalisons-la-logistique-de-la-sante\/\">Digitalisons la logistique de la sant\u00e9 !<\/a> par <a href=\"http:\/\/observatoire-asap.org\/index.php\/2021\/01\/19\/omar-bentahar\/\">Omar Bentahar<\/a>, <a href=\"https:\/\/observatoire-asap.org\/index.php\/2021\/01\/19\/smail-benzidia\/\">Smail Benzidia<\/a> et <a href=\"https:\/\/observatoire-asap.org\/index.php\/2021\/01\/19\/julien-husson\/\">Julien Husson<\/a><\/li>\n\n\n\n<li><a href=\"http:\/\/observatoire-asap.org\/index.php\/2020\/11\/30\/developpement-international-des-entreprises-et-digital-priorite-a-la-formation\/\">D\u00e9veloppement international des entreprises et digital : priorit\u00e9 \u00e0 la formation<\/a> par <a href=\"http:\/\/observatoire-asap.org\/index.php\/2020\/11\/16\/eric-le-tallec\/\">Eric Le Tallec<\/a><\/li>\n\n\n\n<li><a href=\"http:\/\/observatoire-asap.org\/index.php\/2020\/11\/30\/enjeux-identitaires-du-teletravail-une-innovation-necessaire-de-son-nouvel-espace-de-travail\/\">Enjeux identitaires du t\u00e9l\u00e9travail : une innovation n\u00e9cessaire de son nouvel espace de travail<\/a> par <a href=\"http:\/\/observatoire-asap.org\/index.php\/2020\/02\/27\/jeanne-le-roy\/\">Jeanne Le Roy<\/a><\/li>\n\n\n\n<li><a href=\"http:\/\/observatoire-asap.org\/index.php\/2020\/11\/19\/la-blockchain-pour-un-etat-digital\/\">La Blockchain pour un \u00c9tat digital ?<\/a> par <a href=\"http:\/\/observatoire-asap.org\/index.php\/2020\/11\/13\/elizabeth-couzineau-zegwaard\/\">Elizabeth Couzineau-Zegwaard<\/a><\/li>\n\n\n\n<li><a href=\"http:\/\/observatoire-asap.org\/index.php\/2020\/07\/13\/vous-avez-un-email-covid-19-et-cybersecurite-le-cas-du-phishing\/\">Vous avez un email ! COVID-19 et Cybers\u00e9curit\u00e9 : le cas du phishing <\/a>par <a href=\"http:\/\/observatoire-asap.org\/index.php\/2020\/02\/27\/jeanne-le-roy\/\">Jeanne Le Roy<\/a> et <a href=\"http:\/\/observatoire-asap.org\/index.php\/2020\/07\/16\/benjamin-laubie\/\">Benjamin Laubie<\/a><\/li>\n\n\n\n<li><a href=\"http:\/\/observatoire-asap.org\/index.php\/2020\/02\/14\/sous-quelles-conditions-les-algorithmes-de-justice-predictive-pourraient-ils-reellement-ameliorer-la-previsibilite-de-la-justice\/\">Sous quelles conditions les algorithmes de justice \u00ab&nbsp;pr\u00e9dictive&nbsp;\u00bb pourraient-ils r\u00e9ellement am\u00e9liorer la pr\u00e9visibilit\u00e9 de la justice&nbsp;?<em> <\/em><\/a>par <a href=\"http:\/\/observatoire-asap.org\/index.php\/2020\/02\/15\/sylvie-thoron\/\">Sylvie Thoron<\/a><\/li>\n<\/ul>\n\n\n\n<p><\/p>\n","protected":false},"excerpt":{"rendered":"","protected":false},"author":1,"featured_media":360,"parent":0,"menu_order":0,"comment_status":"closed","ping_status":"closed","template":"","meta":{"spay_email":"","footnotes":""},"class_list":["post-308","page","type-page","status-publish","has-post-thumbnail","hentry"],"yoast_head":"<!-- This site is optimized with the Yoast SEO plugin v24.9 - https:\/\/yoast.com\/wordpress\/plugins\/seo\/ -->\n<title>Technologie -<\/title>\n<meta name=\"robots\" content=\"index, follow, max-snippet:-1, max-image-preview:large, max-video-preview:-1\" \/>\n<link rel=\"canonical\" href=\"https:\/\/observatoire-asap.org\/index.php\/technologie\/\" \/>\n<meta property=\"og:locale\" content=\"fr_FR\" \/>\n<meta property=\"og:type\" content=\"article\" \/>\n<meta property=\"og:title\" content=\"Technologie -\" \/>\n<meta property=\"og:url\" content=\"https:\/\/observatoire-asap.org\/index.php\/technologie\/\" \/>\n<meta property=\"article:publisher\" content=\"https:\/\/facebook.com\/fabrice.hamelin.1\" \/>\n<meta property=\"article:modified_time\" content=\"2025-04-11T07:55:34+00:00\" \/>\n<meta property=\"og:image\" content=\"https:\/\/observatoire-asap.org\/wp-content\/uploads\/2020\/07\/num\u00e9rique.jpg\" \/>\n\t<meta property=\"og:image:width\" content=\"500\" \/>\n\t<meta property=\"og:image:height\" content=\"500\" \/>\n\t<meta property=\"og:image:type\" content=\"image\/jpeg\" \/>\n<meta name=\"twitter:card\" content=\"summary_large_image\" \/>\n<meta name=\"twitter:label1\" content=\"Dur\u00e9e de lecture estim\u00e9e\" \/>\n\t<meta name=\"twitter:data1\" content=\"2 minutes\" \/>\n<script type=\"application\/ld+json\" class=\"yoast-schema-graph\">{\"@context\":\"https:\/\/schema.org\",\"@graph\":[{\"@type\":\"WebPage\",\"@id\":\"https:\/\/observatoire-asap.org\/index.php\/technologie\/\",\"url\":\"https:\/\/observatoire-asap.org\/index.php\/technologie\/\",\"name\":\"Technologie -\",\"isPartOf\":{\"@id\":\"http:\/\/observatoire-asap.org\/#website\"},\"primaryImageOfPage\":{\"@id\":\"https:\/\/observatoire-asap.org\/index.php\/technologie\/#primaryimage\"},\"image\":{\"@id\":\"https:\/\/observatoire-asap.org\/index.php\/technologie\/#primaryimage\"},\"thumbnailUrl\":\"https:\/\/observatoire-asap.org\/wp-content\/uploads\/2020\/07\/num\u00e9rique.jpg\",\"datePublished\":\"2020-07-13T08:46:06+00:00\",\"dateModified\":\"2025-04-11T07:55:34+00:00\",\"breadcrumb\":{\"@id\":\"https:\/\/observatoire-asap.org\/index.php\/technologie\/#breadcrumb\"},\"inLanguage\":\"fr-FR\",\"potentialAction\":[{\"@type\":\"ReadAction\",\"target\":[\"https:\/\/observatoire-asap.org\/index.php\/technologie\/\"]}]},{\"@type\":\"ImageObject\",\"inLanguage\":\"fr-FR\",\"@id\":\"https:\/\/observatoire-asap.org\/index.php\/technologie\/#primaryimage\",\"url\":\"https:\/\/observatoire-asap.org\/wp-content\/uploads\/2020\/07\/num\u00e9rique.jpg\",\"contentUrl\":\"https:\/\/observatoire-asap.org\/wp-content\/uploads\/2020\/07\/num\u00e9rique.jpg\",\"width\":500,\"height\":500},{\"@type\":\"BreadcrumbList\",\"@id\":\"https:\/\/observatoire-asap.org\/index.php\/technologie\/#breadcrumb\",\"itemListElement\":[{\"@type\":\"ListItem\",\"position\":1,\"name\":\"Accueil\",\"item\":\"http:\/\/observatoire-asap.org\/\"},{\"@type\":\"ListItem\",\"position\":2,\"name\":\"Technologie\"}]},{\"@type\":\"WebSite\",\"@id\":\"http:\/\/observatoire-asap.org\/#website\",\"url\":\"http:\/\/observatoire-asap.org\/\",\"name\":\"Action Soci\u00e9tale et Action Publique\",\"description\":\"\",\"publisher\":{\"@id\":\"http:\/\/observatoire-asap.org\/#organization\"},\"potentialAction\":[{\"@type\":\"SearchAction\",\"target\":{\"@type\":\"EntryPoint\",\"urlTemplate\":\"http:\/\/observatoire-asap.org\/?s={search_term_string}\"},\"query-input\":{\"@type\":\"PropertyValueSpecification\",\"valueRequired\":true,\"valueName\":\"search_term_string\"}}],\"inLanguage\":\"fr-FR\"},{\"@type\":\"Organization\",\"@id\":\"http:\/\/observatoire-asap.org\/#organization\",\"name\":\"Laboratoire ASAP\",\"url\":\"http:\/\/observatoire-asap.org\/\",\"logo\":{\"@type\":\"ImageObject\",\"inLanguage\":\"fr-FR\",\"@id\":\"http:\/\/observatoire-asap.org\/#\/schema\/logo\/image\/\",\"url\":\"https:\/\/observatoire-asap.org\/wp-content\/uploads\/2022\/01\/cropped-cropped-ASAP_Plan-de-travail-1.png\",\"contentUrl\":\"https:\/\/observatoire-asap.org\/wp-content\/uploads\/2022\/01\/cropped-cropped-ASAP_Plan-de-travail-1.png\",\"width\":1345,\"height\":426,\"caption\":\"Laboratoire ASAP\"},\"image\":{\"@id\":\"http:\/\/observatoire-asap.org\/#\/schema\/logo\/image\/\"},\"sameAs\":[\"https:\/\/facebook.com\/fabrice.hamelin.1\"]}]}<\/script>\n<!-- \/ Yoast SEO plugin. -->","yoast_head_json":{"title":"Technologie -","robots":{"index":"index","follow":"follow","max-snippet":"max-snippet:-1","max-image-preview":"max-image-preview:large","max-video-preview":"max-video-preview:-1"},"canonical":"https:\/\/observatoire-asap.org\/index.php\/technologie\/","og_locale":"fr_FR","og_type":"article","og_title":"Technologie -","og_url":"https:\/\/observatoire-asap.org\/index.php\/technologie\/","article_publisher":"https:\/\/facebook.com\/fabrice.hamelin.1","article_modified_time":"2025-04-11T07:55:34+00:00","og_image":[{"width":500,"height":500,"url":"https:\/\/observatoire-asap.org\/wp-content\/uploads\/2020\/07\/num\u00e9rique.jpg","type":"image\/jpeg"}],"twitter_card":"summary_large_image","twitter_misc":{"Dur\u00e9e de lecture estim\u00e9e":"2 minutes"},"schema":{"@context":"https:\/\/schema.org","@graph":[{"@type":"WebPage","@id":"https:\/\/observatoire-asap.org\/index.php\/technologie\/","url":"https:\/\/observatoire-asap.org\/index.php\/technologie\/","name":"Technologie -","isPartOf":{"@id":"http:\/\/observatoire-asap.org\/#website"},"primaryImageOfPage":{"@id":"https:\/\/observatoire-asap.org\/index.php\/technologie\/#primaryimage"},"image":{"@id":"https:\/\/observatoire-asap.org\/index.php\/technologie\/#primaryimage"},"thumbnailUrl":"https:\/\/observatoire-asap.org\/wp-content\/uploads\/2020\/07\/num\u00e9rique.jpg","datePublished":"2020-07-13T08:46:06+00:00","dateModified":"2025-04-11T07:55:34+00:00","breadcrumb":{"@id":"https:\/\/observatoire-asap.org\/index.php\/technologie\/#breadcrumb"},"inLanguage":"fr-FR","potentialAction":[{"@type":"ReadAction","target":["https:\/\/observatoire-asap.org\/index.php\/technologie\/"]}]},{"@type":"ImageObject","inLanguage":"fr-FR","@id":"https:\/\/observatoire-asap.org\/index.php\/technologie\/#primaryimage","url":"https:\/\/observatoire-asap.org\/wp-content\/uploads\/2020\/07\/num\u00e9rique.jpg","contentUrl":"https:\/\/observatoire-asap.org\/wp-content\/uploads\/2020\/07\/num\u00e9rique.jpg","width":500,"height":500},{"@type":"BreadcrumbList","@id":"https:\/\/observatoire-asap.org\/index.php\/technologie\/#breadcrumb","itemListElement":[{"@type":"ListItem","position":1,"name":"Accueil","item":"http:\/\/observatoire-asap.org\/"},{"@type":"ListItem","position":2,"name":"Technologie"}]},{"@type":"WebSite","@id":"http:\/\/observatoire-asap.org\/#website","url":"http:\/\/observatoire-asap.org\/","name":"Action Soci\u00e9tale et Action Publique","description":"","publisher":{"@id":"http:\/\/observatoire-asap.org\/#organization"},"potentialAction":[{"@type":"SearchAction","target":{"@type":"EntryPoint","urlTemplate":"http:\/\/observatoire-asap.org\/?s={search_term_string}"},"query-input":{"@type":"PropertyValueSpecification","valueRequired":true,"valueName":"search_term_string"}}],"inLanguage":"fr-FR"},{"@type":"Organization","@id":"http:\/\/observatoire-asap.org\/#organization","name":"Laboratoire ASAP","url":"http:\/\/observatoire-asap.org\/","logo":{"@type":"ImageObject","inLanguage":"fr-FR","@id":"http:\/\/observatoire-asap.org\/#\/schema\/logo\/image\/","url":"https:\/\/observatoire-asap.org\/wp-content\/uploads\/2022\/01\/cropped-cropped-ASAP_Plan-de-travail-1.png","contentUrl":"https:\/\/observatoire-asap.org\/wp-content\/uploads\/2022\/01\/cropped-cropped-ASAP_Plan-de-travail-1.png","width":1345,"height":426,"caption":"Laboratoire ASAP"},"image":{"@id":"http:\/\/observatoire-asap.org\/#\/schema\/logo\/image\/"},"sameAs":["https:\/\/facebook.com\/fabrice.hamelin.1"]}]}},"_links":{"self":[{"href":"https:\/\/observatoire-asap.org\/index.php\/wp-json\/wp\/v2\/pages\/308","targetHints":{"allow":["GET"]}}],"collection":[{"href":"https:\/\/observatoire-asap.org\/index.php\/wp-json\/wp\/v2\/pages"}],"about":[{"href":"https:\/\/observatoire-asap.org\/index.php\/wp-json\/wp\/v2\/types\/page"}],"author":[{"embeddable":true,"href":"https:\/\/observatoire-asap.org\/index.php\/wp-json\/wp\/v2\/users\/1"}],"replies":[{"embeddable":true,"href":"https:\/\/observatoire-asap.org\/index.php\/wp-json\/wp\/v2\/comments?post=308"}],"version-history":[{"count":43,"href":"https:\/\/observatoire-asap.org\/index.php\/wp-json\/wp\/v2\/pages\/308\/revisions"}],"predecessor-version":[{"id":6205,"href":"https:\/\/observatoire-asap.org\/index.php\/wp-json\/wp\/v2\/pages\/308\/revisions\/6205"}],"wp:featuredmedia":[{"embeddable":true,"href":"https:\/\/observatoire-asap.org\/index.php\/wp-json\/wp\/v2\/media\/360"}],"wp:attachment":[{"href":"https:\/\/observatoire-asap.org\/index.php\/wp-json\/wp\/v2\/media?parent=308"}],"curies":[{"name":"wp","href":"https:\/\/api.w.org\/{rel}","templated":true}]}}