{"id":303,"date":"2020-07-13T10:42:18","date_gmt":"2020-07-13T08:42:18","guid":{"rendered":"http:\/\/observatoire-asap.org\/?page_id=303"},"modified":"2026-04-02T14:30:36","modified_gmt":"2026-04-02T12:30:36","slug":"politique","status":"publish","type":"page","link":"https:\/\/observatoire-asap.org\/index.php\/politique\/","title":{"rendered":"Politique"},"content":{"rendered":"\n<ul class=\"wp-block-list\">\n<li><a href=\"https:\/\/observatoire-asap.org\/index.php\/2026\/04\/02\/politiques-environnementales-europeennes-quand-deux-paradigmes-sopposent\/\">Politiques environnementales europ\u00e9ennes : quand deux paradigmes s&rsquo;opposent<\/a> par <a href=\"http:\/\/observatoire-asap.org\/index.php\/2023\/12\/01\/nabila-arfaoui\/\">Nabila Arfaoui<\/a><\/li>\n\n\n\n<li><a href=\"https:\/\/observatoire-asap.org\/index.php\/2025\/07\/14\/severite-objective-vs-severite-percue-quand-la-menace-reglementaire-stimule-la-transition\/\">S\u00e9v\u00e9rit\u00e9 objective vs s\u00e9v\u00e9rit\u00e9 per\u00e7ue : quand la menace r\u00e9glementaire stimule la transition<\/a> par <a href=\"http:\/\/observatoire-asap.org\/index.php\/2023\/12\/01\/nabila-arfaoui\/\">Nabila Arfaoui<\/a><\/li>\n\n\n\n<li><a href=\"https:\/\/observatoire-asap.org\/index.php\/2025\/02\/28\/criminalite-organisee-identifier-les-ressorts-du-soutien-logistique-pour-mieux-la-combattre\/\">Criminalit\u00e9 organis\u00e9e : identifier les ressorts du soutien logistique pour mieux la combattre<\/a> par <a href=\"http:\/\/observatoire-asap.org\/index.php\/2021\/04\/07\/gilles-pache\/\">Gilles Pach\u00e9<\/a><\/li>\n\n\n\n<li><a href=\"http:\/\/observatoire-asap.org\/index.php\/2024\/01\/23\/promouvoir-ladhesion-citoyenne-aux-politiques-environnementales\/\">Promouvoir l&rsquo;adh\u00e9sion citoyenne aux politiques environnementales<\/a> par <a href=\"http:\/\/observatoire-asap.org\/index.php\/2023\/12\/01\/nabila-arfaoui\/\">Nabila Arfaoui<\/a><\/li>\n\n\n\n<li><a href=\"http:\/\/observatoire-asap.org\/index.php\/2023\/10\/25\/ecologie-et-pouvoir-comment-votre-vote-peut-influencer-lavenir-de-la-planete\/\">Ecologie et pouvoir : comment votre vote peut influencer l&rsquo;avenir de la Plan\u00e8te !<\/a> par <a href=\"http:\/\/observatoire-asap.org\/index.php\/2023\/10\/25\/nicolas-stef\/\">Nicolae Stef<\/a> et&nbsp;<a href=\"http:\/\/observatoire-asap.org\/index.php\/2023\/10\/25\/sami-ben-jabeur\/\">Sami Ben Jabeur<\/a><\/li>\n\n\n\n<li><a href=\"http:\/\/observatoire-asap.org\/index.php\/2023\/09\/23\/un-modele-de-leader-emergeant-le-cas-pspp-au-quebec\/\">Un mod\u00e8le de leader \u00e9mergeant : le cas \u00ab\u00a0PSPP\u00a0\u00bb au Qu\u00e9bec<\/a> par <a href=\"http:\/\/observatoire-asap.org\/index.php\/2023\/04\/24\/olivier-fournout\/\">Olivier Fournout <\/a><\/li>\n\n\n\n<li><a href=\"http:\/\/observatoire-asap.org\/index.php\/2023\/02\/21\/la-jurisprudence-administrative-relative-a-la-qualite-de-lair-vers-un-controle-juridictionnel-de-la-politique-climatique\/\">La jurisprudence administrative relative \u00e0 la qualit\u00e9 de l&rsquo;air, vers un contr\u00f4le juridictionnel de la politique climatique ?<\/a> par <a href=\"http:\/\/observatoire-asap.org\/index.php\/2021\/04\/06\/claire-cuvelier\/\">Marie Cuvelier<\/a><\/li>\n\n\n\n<li><a href=\"http:\/\/observatoire-asap.org\/index.php\/2022\/01\/03\/reforme-de-la-haute-fonction-publique-vers-la-fin-des-corps-dinspection\/\">R\u00e9forme de la haute fonction publique : vers la fin des corps d\u2019inspection<\/a> par <a href=\"http:\/\/observatoire-asap.org\/index.php\/2021\/02\/01\/marine-fouquet\/\">Marine Fouquet<\/a><\/li>\n\n\n\n<li><a href=\"http:\/\/observatoire-asap.org\/index.php\/2022\/03\/22\/renforcement-de-la-participation-du-citoyen-dans-la-democratie-representative-retablissement-de-confiance-ou-palliatif-de-defiance\/\">Renforcement de la participation du citoyen dans la d\u00e9mocratie repr\u00e9sentative : r\u00e9tablissement de d\u00e9fiance ou palliatif de d\u00e9fiance ?<\/a> par <a href=\"http:\/\/observatoire-asap.org\/index.php\/2020\/10\/20\/fabien-blanchot\/\">Fabien Blanchot  <\/a>  <\/li>\n\n\n\n<li><a href=\"http:\/\/observatoire-asap.org\/index.php\/2022\/01\/24\/conseil-academique-conseil-national-des-universites-deux-instances-aux-missions-complementaires-au-service-de-la-reconnaissance-des-enseignants-chercheurs\/\">Conseil Acad\u00e9mique \u2013 Conseil National des Universit\u00e9s : deux instances aux missions compl\u00e9mentaires au service de la reconnaissance des enseignants-chercheurs<\/a> par <a href=\"http:\/\/observatoire-asap.org\/index.php\/2022\/01\/24\/marine-le-gall-ely\/\">Marine Le Gall-Ely<\/a>, <a href=\"http:\/\/observatoire-asap.org\/index.php\/2022\/01\/24\/jeremy-morvan\/\">J\u00e9remy Morvan<\/a>, <a href=\"http:\/\/observatoire-asap.org\/index.php\/2022\/01\/24\/isabelle-sauviat\/\">Isabelle Sauviat<\/a>, <a href=\"http:\/\/observatoire-asap.org\/index.php\/2022\/01\/24\/nathalie-schieb-bienfait\/\">Nathalie Schieb-Bienfait<\/a><\/li>\n\n\n\n<li><a href=\"http:\/\/observatoire-asap.org\/index.php\/2022\/01\/21\/levaluation-individuelle-et-systematique-des-enseignants-chercheurs-origines-enjeux-et-perspectives-du-suivi-de-carriere\/\">L&rsquo;\u00e9valuation individuelle et syst\u00e9matique des enseignants-chercheurs<\/a> par <a href=\"http:\/\/observatoire-asap.org\/index.php\/2022\/01\/21\/jean-francois-sattin\/\">Jean-Fran\u00e7ois Sattin<\/a> et <a href=\"http:\/\/observatoire-asap.org\/index.php\/2022\/01\/21\/sophie-cros\/\">Sophie Cros<\/a><\/li>\n\n\n\n<li><a href=\"http:\/\/observatoire-asap.org\/index.php\/2022\/01\/05\/loi-des-quotas-bilan-et-perspectives\/\">Loi des quotas&nbsp;: bilan et perspectives<\/a> par <a href=\"http:\/\/observatoire-asap.org\/index.php\/2022\/01\/05\/husserl-ossiba\/\">Husserl Ossiba<\/a> et <a href=\"https:\/\/observatoire-asap.org\/index.php\/2021\/04\/07\/eric-severin\/\">Eric S\u00e9verin<\/a><\/li>\n\n\n\n<li><a href=\"http:\/\/observatoire-asap.org\/index.php\/2021\/11\/22\/pour-une-metamorphose-non-kafkaienne-du-management-public\/\">Pour une m\u00e9tamorphose non kafka\u00efenne du management public<\/a> par<a href=\"http:\/\/observatoire-asap.org\/index.php\/2020\/11\/13\/laurent-cappelletti\/\"> Laurent Cappelletti<\/a><\/li>\n\n\n\n<li><a href=\"http:\/\/observatoire-asap.org\/index.php\/2021\/09\/12\/la-fonction-publique-face-aux-faits-religieux-au-travaillimites-de-la-loi-reaffirmation-nationale-et-modalites-de-reappropriation\/\">La fonction publique face aux faits religieux au travail <\/a>par <a href=\"http:\/\/observatoire-asap.org\/index.php\/2021\/03\/05\/hugo-gaillard\/\">Hugo Gaillard<\/a><\/li>\n\n\n\n<li><a href=\"http:\/\/observatoire-asap.org\/index.php\/2021\/09\/23\/tiers-lieux-a-la-rencontre-de-laction-publique-et-de-laction-privee\/\">Tiers lieux : \u00e0 la rencontre de l&rsquo;action publique et de l&rsquo;action priv\u00e9e <\/a>par <a href=\"http:\/\/observatoire-asap.org\/index.php\/2020\/11\/24\/denis-cristol\/\">Denis Cristol<\/a><\/li>\n\n\n\n<li><a href=\"http:\/\/observatoire-asap.org\/index.php\/2021\/06\/17\/la-place-de-la-motivation-de-service-public-msp-dans-la-gestion-de-la-crise-du-covid-19\/\">La place de la motivation de service public (MSP) dans la gestion de la crise du Covid-19<\/a> par <a href=\"http:\/\/observatoire-asap.org\/index.php\/2020\/02\/14\/francois-grima\/\">Fran\u00e7ois Grima<\/a> et <a href=\"http:\/\/observatoire-asap.org\/index.php\/2021\/06\/17\/nehme-naim\/\">Nehme Naim<\/a><\/li>\n\n\n\n<li><a href=\"http:\/\/observatoire-asap.org\/index.php\/2021\/06\/07\/linnovation-publique-whats-up\/\">L&rsquo;innovation publique: what&rsquo;s up?<\/a> par <a href=\"http:\/\/observatoire-asap.org\/index.php\/2021\/06\/04\/madina-rival\/\">Madina Rival<\/a> et <a href=\"http:\/\/observatoire-asap.org\/index.php\/2021\/06\/07\/angelina-arma\/\">Angelina Armandy<\/a><\/li>\n\n\n\n<li><a href=\"http:\/\/observatoire-asap.org\/index.php\/2021\/05\/25\/une-relocalisation-eco-solidaire-et-ecologique-soppose-a-la-mondialisation-liberale-et-au-protectionnisme-nationaliste\/\">Relocalisation \u00e9co-solidaire et \u00e9cologique, oppos\u00e9e \u00e0 mondialisation lib\u00e9rale et protectionnisme nationaliste<\/a> par <a href=\"http:\/\/observatoire-asap.org\/index.php\/2021\/05\/25\/thierry-brugvin\/\">Thierry Brugvin<\/a><\/li>\n\n\n\n<li><a href=\"http:\/\/observatoire-asap.org\/index.php\/2021\/05\/10\/le-processus-de-creation-du-pole-territorial-de-cooperation-economique-ptce-un-levier-de-cooperation-et-daction-societale-sur-les-territoires\/\">Processus de cr\u00e9ation du P\u00f4le Territorial de Coop\u00e9ration Economique<\/a> par <a href=\"http:\/\/observatoire-asap.org\/index.php\/2021\/05\/10\/jennifer-saniossian\/\">Jennifer Saniossian<\/a>, <a href=\"http:\/\/observatoire-asap.org\/index.php\/2021\/05\/10\/christel-beaucourt\/\">Christel Beaucourt<\/a> et <a href=\"http:\/\/observatoire-asap.org\/index.php\/2021\/02\/19\/xavier-lecocq\/\">Xavier Lecocq<\/a><\/li>\n\n\n\n<li><a href=\"http:\/\/observatoire-asap.org\/index.php\/2021\/05\/10\/le-pole-territorial-de-cooperation-economique-ptce-un-moteur-local-du-renouveau-de-laction-publique-et-societale\/\">PTCE : moteur local  du renouveau de l&rsquo;action publique et soci\u00e9tale<\/a> par <a href=\"http:\/\/observatoire-asap.org\/index.php\/2021\/05\/10\/jennifer-saniossian\/\">Jennifer Saniossian<\/a>, <a href=\"http:\/\/observatoire-asap.org\/index.php\/2021\/05\/10\/christel-beaucourt\/\">Christel Beaucourt<\/a> et <a href=\"http:\/\/observatoire-asap.org\/index.php\/2021\/02\/19\/xavier-lecocq\/\">Xavier Lecocq<\/a><\/li>\n\n\n\n<li><a href=\"https:\/\/observatoire-asap.org\/index.php\/2021\/04\/13\/onlylyon-une-organisation-unique-de-promotion-territoriale\/\">ONLYLYON, une organisation unique de promotion territoriale<\/a> par <a href=\"https:\/\/observatoire-asap.org\/?p=3039\">Stefano Valdemarin<\/a> et <a href=\"http:\/\/observatoire-asap.org\/index.php\/2020\/11\/21\/ulrike-mayrhofer\/\">Ulrike Mayrhofer<\/a><\/li>\n\n\n\n<li><a href=\"http:\/\/observatoire-asap.org\/index.php\/2021\/07\/16\/la-corruption-sous-ses-differentes-facettes-lexemple-du-liban\/\">La corruption sous ses diff\u00e9rentes facettes : l&rsquo;exemple du Liban<\/a> par <a href=\"http:\/\/observatoire-asap.org\/index.php\/2020\/11\/19\/carole-doueiry-verne\/\">Carole Douery Verne<\/a><\/li>\n\n\n\n<li><a href=\"http:\/\/observatoire-asap.org\/index.php\/2021\/03\/02\/les-impacts-socio-economiques-du-dispositif-public-des-ateliers-sante-ville\/\">Les impacts socio-\u00e9conomiques du dispositif public des ASV<\/a> par <a href=\"http:\/\/observatoire-asap.org\/index.php\/2021\/02\/05\/francoise-goter\/\">Fran\u00e7oise Goter<\/a> et <a href=\"http:\/\/observatoire-asap.org\/index.php\/2021\/02\/05\/veronique-zardet\/\">V\u00e9ronique Zardet<\/a><\/li>\n\n\n\n<li><a href=\"http:\/\/observatoire-asap.org\/index.php\/2021\/02\/12\/le-tiers-secteur-au-prisme-dun-keynesianisme-contrarie\/\">Le \u00ab Tiers secteur \u00bb au prisme d\u2019un keyn\u00e9sianisme contrari\u00e9<\/a> par <a href=\"http:\/\/observatoire-asap.org\/index.php\/2020\/11\/13\/elizabeth-couzineau-zegwaard\/\">Elizabeth Couzineau-Zegwaard<\/a> et <a href=\"http:\/\/observatoire-asap.org\/index.php\/2020\/12\/21\/erwan-poiraud\/\">Erwan Poiraud<\/a><\/li>\n\n\n\n<li><a href=\"http:\/\/observatoire-asap.org\/index.php\/2021\/01\/08\/science-democratie-et-innovation-publique-lapport-des-livings-labs\/\">Science, d\u00e9mocratie et innovation publique&nbsp;: l\u2019apport des Livings labs<\/a> par <a href=\"http:\/\/observatoire-asap.org\/index.php\/2020\/02\/14\/mathias-bejean\/\">Mathias B\u00e9jean<\/a><\/li>\n\n\n\n<li><a href=\"http:\/\/observatoire-asap.org\/index.php\/2020\/12\/19\/la-majorite-silencieuse-nen-veut-pas\/\">La majorit\u00e9 silencieuse n&rsquo;en veut pas ! <\/a>par <a href=\"http:\/\/observatoire-asap.org\/index.php\/2020\/02\/27\/fabrice-hamelin\/\">Fabrice Hamelin<\/a> et <a href=\"http:\/\/observatoire-asap.org\/index.php\/2020\/02\/02\/olivier-meier\/\">Olivier Meier<\/a><\/li>\n\n\n\n<li><a href=\"http:\/\/observatoire-asap.org\/index.php\/2020\/12\/07\/action-publique-emploi-et-territoires-ambiguites-et-interactions-complexes\/\">Action publique, emploi et territoires : ambigu\u00eft\u00e9s et interactions complexes<\/a> par <a href=\"http:\/\/observatoire-asap.org\/index.php\/2020\/11\/30\/sebastien-knockaert\/\">S\u00e9bastien Knockaert<\/a><\/li>\n\n\n\n<li><a href=\"http:\/\/observatoire-asap.org\/index.php\/2020\/12\/01\/la-gouvernance-des-normes-un-levier-defficacite-des-politiques-publiques-le-cas-de-la-crise-de-la-codid-19\/\">La gouvernance des normes, un levier d\u2019efficacit\u00e9 des politiques publiques. Le cas de la crise de la Covid 19<\/a> par <a href=\"http:\/\/observatoire-asap.org\/index.php\/2020\/11\/13\/laurent-cappelletti\/\">Laurent Cappelletti<\/a><\/li>\n\n\n\n<li><a href=\"http:\/\/observatoire-asap.org\/index.php\/2020\/11\/20\/la-preuve-a-lepreuve-reflexions-sur-la-doctrine-du-gouvernement-experimental\/\">La preuve \u00e0 l\u2019\u00e9preuve : r\u00e9flexions sur la doctrine du gouvernement exp\u00e9rimental<\/a> par <a href=\"http:\/\/observatoire-asap.org\/index.php\/2020\/02\/14\/mathias-bejean\/\">Mathias B\u00e9jean<\/a><\/li>\n\n\n\n<li><a href=\"http:\/\/observatoire-asap.org\/index.php\/2020\/10\/24\/lacceptabilite-sociale-le-nouvel-eldorado-de-laction-publique\/\">L&rsquo;acceptation sociale, nouvel Eldorado de l&rsquo;action publique <\/a>par <a href=\"http:\/\/observatoire-asap.org\/index.php\/2020\/02\/27\/fabrice-hamelin\/\">Fabrice Hamelin <\/a><\/li>\n\n\n\n<li><a href=\"http:\/\/observatoire-asap.org\/index.php\/2020\/10\/01\/lacceptation-sociale-des-politiques-publiques\/\">L\u2019acceptation sociale des politiques publiques <\/a>par <a href=\"http:\/\/observatoire-asap.org\/index.php\/2020\/10\/01\/gilles-lhuilier\/\">Gilles Lhuilier<\/a> et <a href=\"http:\/\/observatoire-asap.org\/index.php\/2020\/02\/02\/olivier-meier\/\">Olivier Meier <\/a><\/li>\n\n\n\n<li><a href=\"http:\/\/observatoire-asap.org\/index.php\/2020\/07\/14\/innovation-publique-et-design-en-france-une-question-de-recherche\/\">Innovation publique et design en France : une question de recherche<\/a><em> <\/em>par <a href=\"http:\/\/observatoire-asap.org\/index.php\/2020\/07\/17\/pascal-arnaud\/\">Pascal Arnaud<\/a><em> <\/em>et <a href=\"http:\/\/observatoire-asap.org\/index.php\/2020\/02\/02\/olivier-meier\/\">Olivier Meier<\/a><\/li>\n<\/ul>\n\n\n\n<p><\/p>\n","protected":false},"excerpt":{"rendered":"","protected":false},"author":1,"featured_media":389,"parent":0,"menu_order":0,"comment_status":"closed","ping_status":"closed","template":"","meta":{"spay_email":"","footnotes":""},"class_list":["post-303","page","type-page","status-publish","has-post-thumbnail","hentry"],"yoast_head":"<!-- This site is optimized with the Yoast SEO plugin v24.9 - https:\/\/yoast.com\/wordpress\/plugins\/seo\/ -->\n<title>Politique -<\/title>\n<meta name=\"robots\" content=\"index, follow, max-snippet:-1, max-image-preview:large, max-video-preview:-1\" \/>\n<link rel=\"canonical\" href=\"https:\/\/observatoire-asap.org\/index.php\/politique\/\" \/>\n<meta property=\"og:locale\" content=\"fr_FR\" \/>\n<meta property=\"og:type\" content=\"article\" \/>\n<meta property=\"og:title\" content=\"Politique -\" \/>\n<meta property=\"og:url\" content=\"https:\/\/observatoire-asap.org\/index.php\/politique\/\" \/>\n<meta property=\"article:publisher\" content=\"https:\/\/facebook.com\/fabrice.hamelin.1\" \/>\n<meta property=\"article:modified_time\" content=\"2026-04-02T12:30:36+00:00\" \/>\n<meta property=\"og:image\" content=\"http:\/\/observatoire-asap.org\/wp-content\/uploads\/2020\/07\/policy-design-2.png\" \/>\n\t<meta property=\"og:image:width\" content=\"2701\" \/>\n\t<meta property=\"og:image:height\" content=\"1648\" \/>\n\t<meta property=\"og:image:type\" content=\"image\/png\" \/>\n<meta name=\"twitter:card\" content=\"summary_large_image\" \/>\n<meta name=\"twitter:label1\" content=\"Dur\u00e9e de lecture estim\u00e9e\" \/>\n\t<meta name=\"twitter:data1\" content=\"3 minutes\" \/>\n<script type=\"application\/ld+json\" class=\"yoast-schema-graph\">{\"@context\":\"https:\/\/schema.org\",\"@graph\":[{\"@type\":\"WebPage\",\"@id\":\"https:\/\/observatoire-asap.org\/index.php\/politique\/\",\"url\":\"https:\/\/observatoire-asap.org\/index.php\/politique\/\",\"name\":\"Politique -\",\"isPartOf\":{\"@id\":\"http:\/\/observatoire-asap.org\/#website\"},\"primaryImageOfPage\":{\"@id\":\"https:\/\/observatoire-asap.org\/index.php\/politique\/#primaryimage\"},\"image\":{\"@id\":\"https:\/\/observatoire-asap.org\/index.php\/politique\/#primaryimage\"},\"thumbnailUrl\":\"https:\/\/observatoire-asap.org\/wp-content\/uploads\/2020\/07\/policy-design-2.png\",\"datePublished\":\"2020-07-13T08:42:18+00:00\",\"dateModified\":\"2026-04-02T12:30:36+00:00\",\"breadcrumb\":{\"@id\":\"https:\/\/observatoire-asap.org\/index.php\/politique\/#breadcrumb\"},\"inLanguage\":\"fr-FR\",\"potentialAction\":[{\"@type\":\"ReadAction\",\"target\":[\"https:\/\/observatoire-asap.org\/index.php\/politique\/\"]}]},{\"@type\":\"ImageObject\",\"inLanguage\":\"fr-FR\",\"@id\":\"https:\/\/observatoire-asap.org\/index.php\/politique\/#primaryimage\",\"url\":\"https:\/\/observatoire-asap.org\/wp-content\/uploads\/2020\/07\/policy-design-2.png\",\"contentUrl\":\"https:\/\/observatoire-asap.org\/wp-content\/uploads\/2020\/07\/policy-design-2.png\",\"width\":2701,\"height\":1648},{\"@type\":\"BreadcrumbList\",\"@id\":\"https:\/\/observatoire-asap.org\/index.php\/politique\/#breadcrumb\",\"itemListElement\":[{\"@type\":\"ListItem\",\"position\":1,\"name\":\"Accueil\",\"item\":\"http:\/\/observatoire-asap.org\/\"},{\"@type\":\"ListItem\",\"position\":2,\"name\":\"Politique\"}]},{\"@type\":\"WebSite\",\"@id\":\"http:\/\/observatoire-asap.org\/#website\",\"url\":\"http:\/\/observatoire-asap.org\/\",\"name\":\"Action Soci\u00e9tale et Action Publique\",\"description\":\"\",\"publisher\":{\"@id\":\"http:\/\/observatoire-asap.org\/#organization\"},\"potentialAction\":[{\"@type\":\"SearchAction\",\"target\":{\"@type\":\"EntryPoint\",\"urlTemplate\":\"http:\/\/observatoire-asap.org\/?s={search_term_string}\"},\"query-input\":{\"@type\":\"PropertyValueSpecification\",\"valueRequired\":true,\"valueName\":\"search_term_string\"}}],\"inLanguage\":\"fr-FR\"},{\"@type\":\"Organization\",\"@id\":\"http:\/\/observatoire-asap.org\/#organization\",\"name\":\"Laboratoire ASAP\",\"url\":\"http:\/\/observatoire-asap.org\/\",\"logo\":{\"@type\":\"ImageObject\",\"inLanguage\":\"fr-FR\",\"@id\":\"http:\/\/observatoire-asap.org\/#\/schema\/logo\/image\/\",\"url\":\"https:\/\/observatoire-asap.org\/wp-content\/uploads\/2022\/01\/cropped-cropped-ASAP_Plan-de-travail-1.png\",\"contentUrl\":\"https:\/\/observatoire-asap.org\/wp-content\/uploads\/2022\/01\/cropped-cropped-ASAP_Plan-de-travail-1.png\",\"width\":1345,\"height\":426,\"caption\":\"Laboratoire ASAP\"},\"image\":{\"@id\":\"http:\/\/observatoire-asap.org\/#\/schema\/logo\/image\/\"},\"sameAs\":[\"https:\/\/facebook.com\/fabrice.hamelin.1\"]}]}<\/script>\n<!-- \/ Yoast SEO plugin. -->","yoast_head_json":{"title":"Politique -","robots":{"index":"index","follow":"follow","max-snippet":"max-snippet:-1","max-image-preview":"max-image-preview:large","max-video-preview":"max-video-preview:-1"},"canonical":"https:\/\/observatoire-asap.org\/index.php\/politique\/","og_locale":"fr_FR","og_type":"article","og_title":"Politique -","og_url":"https:\/\/observatoire-asap.org\/index.php\/politique\/","article_publisher":"https:\/\/facebook.com\/fabrice.hamelin.1","article_modified_time":"2026-04-02T12:30:36+00:00","og_image":[{"width":2701,"height":1648,"url":"http:\/\/observatoire-asap.org\/wp-content\/uploads\/2020\/07\/policy-design-2.png","type":"image\/png"}],"twitter_card":"summary_large_image","twitter_misc":{"Dur\u00e9e de lecture estim\u00e9e":"3 minutes"},"schema":{"@context":"https:\/\/schema.org","@graph":[{"@type":"WebPage","@id":"https:\/\/observatoire-asap.org\/index.php\/politique\/","url":"https:\/\/observatoire-asap.org\/index.php\/politique\/","name":"Politique -","isPartOf":{"@id":"http:\/\/observatoire-asap.org\/#website"},"primaryImageOfPage":{"@id":"https:\/\/observatoire-asap.org\/index.php\/politique\/#primaryimage"},"image":{"@id":"https:\/\/observatoire-asap.org\/index.php\/politique\/#primaryimage"},"thumbnailUrl":"https:\/\/observatoire-asap.org\/wp-content\/uploads\/2020\/07\/policy-design-2.png","datePublished":"2020-07-13T08:42:18+00:00","dateModified":"2026-04-02T12:30:36+00:00","breadcrumb":{"@id":"https:\/\/observatoire-asap.org\/index.php\/politique\/#breadcrumb"},"inLanguage":"fr-FR","potentialAction":[{"@type":"ReadAction","target":["https:\/\/observatoire-asap.org\/index.php\/politique\/"]}]},{"@type":"ImageObject","inLanguage":"fr-FR","@id":"https:\/\/observatoire-asap.org\/index.php\/politique\/#primaryimage","url":"https:\/\/observatoire-asap.org\/wp-content\/uploads\/2020\/07\/policy-design-2.png","contentUrl":"https:\/\/observatoire-asap.org\/wp-content\/uploads\/2020\/07\/policy-design-2.png","width":2701,"height":1648},{"@type":"BreadcrumbList","@id":"https:\/\/observatoire-asap.org\/index.php\/politique\/#breadcrumb","itemListElement":[{"@type":"ListItem","position":1,"name":"Accueil","item":"http:\/\/observatoire-asap.org\/"},{"@type":"ListItem","position":2,"name":"Politique"}]},{"@type":"WebSite","@id":"http:\/\/observatoire-asap.org\/#website","url":"http:\/\/observatoire-asap.org\/","name":"Action Soci\u00e9tale et Action Publique","description":"","publisher":{"@id":"http:\/\/observatoire-asap.org\/#organization"},"potentialAction":[{"@type":"SearchAction","target":{"@type":"EntryPoint","urlTemplate":"http:\/\/observatoire-asap.org\/?s={search_term_string}"},"query-input":{"@type":"PropertyValueSpecification","valueRequired":true,"valueName":"search_term_string"}}],"inLanguage":"fr-FR"},{"@type":"Organization","@id":"http:\/\/observatoire-asap.org\/#organization","name":"Laboratoire ASAP","url":"http:\/\/observatoire-asap.org\/","logo":{"@type":"ImageObject","inLanguage":"fr-FR","@id":"http:\/\/observatoire-asap.org\/#\/schema\/logo\/image\/","url":"https:\/\/observatoire-asap.org\/wp-content\/uploads\/2022\/01\/cropped-cropped-ASAP_Plan-de-travail-1.png","contentUrl":"https:\/\/observatoire-asap.org\/wp-content\/uploads\/2022\/01\/cropped-cropped-ASAP_Plan-de-travail-1.png","width":1345,"height":426,"caption":"Laboratoire ASAP"},"image":{"@id":"http:\/\/observatoire-asap.org\/#\/schema\/logo\/image\/"},"sameAs":["https:\/\/facebook.com\/fabrice.hamelin.1"]}]}},"_links":{"self":[{"href":"https:\/\/observatoire-asap.org\/index.php\/wp-json\/wp\/v2\/pages\/303","targetHints":{"allow":["GET"]}}],"collection":[{"href":"https:\/\/observatoire-asap.org\/index.php\/wp-json\/wp\/v2\/pages"}],"about":[{"href":"https:\/\/observatoire-asap.org\/index.php\/wp-json\/wp\/v2\/types\/page"}],"author":[{"embeddable":true,"href":"https:\/\/observatoire-asap.org\/index.php\/wp-json\/wp\/v2\/users\/1"}],"replies":[{"embeddable":true,"href":"https:\/\/observatoire-asap.org\/index.php\/wp-json\/wp\/v2\/comments?post=303"}],"version-history":[{"count":59,"href":"https:\/\/observatoire-asap.org\/index.php\/wp-json\/wp\/v2\/pages\/303\/revisions"}],"predecessor-version":[{"id":6351,"href":"https:\/\/observatoire-asap.org\/index.php\/wp-json\/wp\/v2\/pages\/303\/revisions\/6351"}],"wp:featuredmedia":[{"embeddable":true,"href":"https:\/\/observatoire-asap.org\/index.php\/wp-json\/wp\/v2\/media\/389"}],"wp:attachment":[{"href":"https:\/\/observatoire-asap.org\/index.php\/wp-json\/wp\/v2\/media?parent=303"}],"curies":[{"name":"wp","href":"https:\/\/api.w.org\/{rel}","templated":true}]}}