{"id":1089,"date":"2020-11-27T18:47:31","date_gmt":"2020-11-27T17:47:31","guid":{"rendered":"http:\/\/observatoire-asap.org\/?page_id=1089"},"modified":"2023-04-21T19:57:03","modified_gmt":"2023-04-21T17:57:03","slug":"tribunes","status":"publish","type":"page","link":"https:\/\/observatoire-asap.org\/index.php\/tribunes\/","title":{"rendered":"Tribunes"},"content":{"rendered":"<p><a href=\"http:\/\/observatoire-asap.org\/index.php\/2023\/04\/21\/forum-des-carrieres-focus-allsh-une-these-et-apres\/\">Forums des carri\u00e8res focus ALLSH \u00ab\u00a0une th\u00e8se, et apr\u00e8s ?\u00a0\u00bb<\/a> par <a href=\"http:\/\/observatoire-asap.org\/\">la r\u00e9daction<\/a><\/p>\n<p><a href=\"https:\/\/observatoire-asap.org\/index.php\/2022\/08\/29\/verdir-la-finance-misons-sur-lengrais-plutot-que-sur-la-coloration\/\" data-rich-text-format-boundary=\"true\">Verdir la finance: misons sur l&rsquo;engrais plut\u00f4t que sur la coloration<\/a> par <a href=\"https:\/\/observatoire-asap.org\/index.php\/2022\/08\/29\/emmanuelle-dubocage\/\">Emmanuelle Dubocage<\/a> et <a href=\"https:\/\/observatoire-asap.org\/index.php\/2022\/08\/29\/stephanie-serve\/\">St\u00e9phanie Serve<\/a><\/p>\n<p><a href=\"http:\/\/observatoire-asap.org\/index.php\/2022\/07\/13\/et-si-on-changeait-notre-modele-agricole-les-societes-cooperatives-dinteret-collectif-des-organisations-alternatives-et-disruptives-porteuses-dune-necessaire-transition-econo\/\">Et si on changeait notre mod\u00e8le agricole ?<\/a> par <a href=\"http:\/\/observatoire-asap.org\/index.php\/2022\/07\/13\/charlene-arnaud\/\">Charl\u00e8ne Arnaud<\/a> et <a href=\"http:\/\/observatoire-asap.org\/index.php\/2022\/07\/13\/pascale-chateau-terrisse\/\">Pascale Ch\u00e2teau-Terrisse<\/a><\/p>\n<p><a href=\"http:\/\/observatoire-asap.org\/index.php\/2022\/07\/07\/lavenir-de-la-librairie-independante-un-enjeu-de-civilisation\/\">L&rsquo;avenir de la librairie ind\u00e9pendante, un enjeu de civilisation<\/a> par <a href=\"http:\/\/observatoire-asap.org\/index.php\/2022\/07\/07\/david-piovesan\/\">David Piovesan<\/a><\/p>\n<p><a href=\"http:\/\/observatoire-asap.org\/index.php\/2022\/07\/05\/face-a-lurgence-climatique-faut-il-reduire-le-pouvoir-des-actionnaires\/\">Face \u00e0 l\u2019urgence climatique, faut-il r\u00e9duire le pouvoir des actionnaires ?<\/a> par <a href=\"http:\/\/observatoire-asap.org\/index.php\/2022\/07\/05\/christophe-bonnet\/\">Christophe Bonnet<\/a><\/p>\n<p><a href=\"http:\/\/observatoire-asap.org\/index.php\/2022\/02\/07\/rse-et-information-extra-financiere-que-nous-apprend-le-scandale-orpea\/\">RSE et information extra-financi\u00e8re : que nous apprend le scandale ORPEA ?<\/a> par <a href=\"http:\/\/observatoire-asap.org\/index.php\/2020\/12\/15\/frederique-dejean\/\">Fr\u00e9d\u00e9rique D\u00e9jean<\/a><\/p>\n<p><a href=\"http:\/\/observatoire-asap.org\/index.php\/2022\/07\/05\/lappropriation-ou-le-partage-du-savoir-au-coeur-de-la-pandemie-de-covid-19\/#_ftn3\">L\u2019appropriation ou le partage du savoir au c\u0153ur de la pand\u00e9mie de covid-19<\/a> par <a href=\"http:\/\/observatoire-asap.org\/index.php\/2022\/07\/05\/pascal-corbel\/\">Pascal Corbel<\/a><\/p>\n<p><a href=\"http:\/\/observatoire-asap.org\/index.php\/2021\/03\/19\/100-acteurs-engages-de-lenseignement-superieur-en-sciences-de-gestion-et-du-management-signent-une-tribune\/\">100 d\u00e9cideurs de l&rsquo;enseignement sup\u00e9rieur en Sciences de gestion demandent la diversit\u00e9 des voies d&rsquo;acc\u00e8s et une proc\u00e9dure de recrutement nationale<\/a> par Collectif<\/p>\n<p><span class=\"current\"><a href=\"https:\/\/observatoire-asap.org\/index.php\/2020\/12\/09\/laudiovisuel-public-que-nous-voulons\/\">L\u2019audiovisuel public que nous voulons<\/a><\/span> par <a href=\"http:\/\/observatoire-asap.org\/?p=981\">Ga\u00ebl Villeneuve<\/a><\/p>\n<p><a href=\"http:\/\/observatoire-asap.org\/index.php\/2021\/02\/04\/les-perspectives-de-developpement-de-lecole-internationale-detudes-politiques\/\">Les perspectives de d\u00e9veloppement de l&rsquo;Ecole internationale d&rsquo;\u00e9tudes politiques<\/a> par <a href=\"http:\/\/observatoire-asap.org\/index.php\/2020\/02\/14\/yves-palau\/\">Yves Palau<\/a> et <a href=\"http:\/\/observatoire-asap.org\/index.php\/2020\/02\/02\/olivier-meier\/\">Olivier Meier<\/a><\/p>\n<p><a href=\"http:\/\/observatoire-asap.org\/index.php\/2020\/11\/15\/responsabiliser-sans-controle-ni-sanction-sens-et-contresens-au-sein-des-universites\/\">Responsabiliser sans contr\u00f4le ni sanction : sens et contresens au sein des universit\u00e9s<\/a> par <a href=\"http:\/\/observatoire-asap.org\/index.php\/2020\/10\/24\/aude-deville\/\">Aude Deville<\/a> et <a href=\"http:\/\/observatoire-asap.org\/index.php\/2020\/10\/23\/stephanie-chatelain-ponroy\/\">St\u00e9phanie Chatelain-Ponroy<\/a><\/p>\n<p><a href=\"http:\/\/observatoire-asap.org\/index.php\/2020\/11\/14\/universitaires-et-universites-meme-combat\/\">Universitaires et universit\u00e9s : m\u00eame combat !<\/a> par <a href=\"http:\/\/observatoire-asap.org\/index.php\/2020\/10\/24\/aude-deville\/\">Aude Deville<\/a> et <a href=\"http:\/\/observatoire-asap.org\/index.php\/2020\/02\/02\/olivier-meier\/\">Olivier Meier<\/a><\/p>\n<p><a href=\"http:\/\/observatoire-asap.org\/index.php\/2020\/10\/13\/la-chaire-innovation-publique\/\">La chaire Innovation Publique<\/a> par <a href=\"http:\/\/observatoire-asap.org\/index.php\/2020\/10\/13\/olivier-hirt\/\">Olivier Hirt<\/a><\/p>\n<p><a href=\"http:\/\/observatoire-asap.org\/index.php\/2020\/07\/16\/creation-dune-ecole-internationale-detudes-politiques\/\">Cr\u00e9ation d&rsquo;une \u00c9cole internationale d\u2019\u00e9tudes politiques<\/a> par <a href=\"http:\/\/observatoire-asap.org\/index.php\/2020\/02\/14\/yves-palau\/\">Yves Palau<\/a><\/p>\n","protected":false},"excerpt":{"rendered":"<p>Forums des carri\u00e8res focus ALLSH \u00ab\u00a0une th\u00e8se, et apr\u00e8s ?\u00a0\u00bb par la r\u00e9daction Verdir la finance: misons sur l&rsquo;engrais plut\u00f4t que sur la coloration par Emmanuelle Dubocage et St\u00e9phanie Serve Et si on changeait notre mod\u00e8le agricole ? par Charl\u00e8ne Arnaud et Pascale Ch\u00e2teau-Terrisse L&rsquo;avenir de la librairie ind\u00e9pendante, un enjeu de civilisation par David &hellip; <\/p>\n","protected":false},"author":1,"featured_media":1133,"parent":0,"menu_order":0,"comment_status":"closed","ping_status":"closed","template":"","meta":{"spay_email":"","footnotes":""},"class_list":["post-1089","page","type-page","status-publish","has-post-thumbnail","hentry"],"yoast_head":"<!-- This site is optimized with the Yoast SEO plugin v24.9 - https:\/\/yoast.com\/wordpress\/plugins\/seo\/ -->\n<title>Tribunes -<\/title>\n<meta name=\"robots\" content=\"index, follow, max-snippet:-1, max-image-preview:large, max-video-preview:-1\" \/>\n<link rel=\"canonical\" href=\"https:\/\/observatoire-asap.org\/index.php\/tribunes\/\" \/>\n<meta property=\"og:locale\" content=\"fr_FR\" \/>\n<meta property=\"og:type\" content=\"article\" \/>\n<meta property=\"og:title\" content=\"Tribunes -\" \/>\n<meta property=\"og:description\" content=\"Forums des carri\u00e8res focus ALLSH \u00ab\u00a0une th\u00e8se, et apr\u00e8s ?\u00a0\u00bb par la r\u00e9daction Verdir la finance: misons sur l&rsquo;engrais plut\u00f4t que sur la coloration par Emmanuelle Dubocage et St\u00e9phanie Serve Et si on changeait notre mod\u00e8le agricole ? par Charl\u00e8ne Arnaud et Pascale Ch\u00e2teau-Terrisse L&rsquo;avenir de la librairie ind\u00e9pendante, un enjeu de civilisation par David &hellip;\" \/>\n<meta property=\"og:url\" content=\"https:\/\/observatoire-asap.org\/index.php\/tribunes\/\" \/>\n<meta property=\"article:publisher\" content=\"https:\/\/facebook.com\/fabrice.hamelin.1\" \/>\n<meta property=\"article:modified_time\" content=\"2023-04-21T17:57:03+00:00\" \/>\n<meta property=\"og:image\" content=\"https:\/\/observatoire-asap.org\/wp-content\/uploads\/2020\/11\/micro.jpg\" \/>\n\t<meta property=\"og:image:width\" content=\"640\" \/>\n\t<meta property=\"og:image:height\" content=\"640\" \/>\n\t<meta property=\"og:image:type\" content=\"image\/jpeg\" \/>\n<meta name=\"twitter:card\" content=\"summary_large_image\" \/>\n<meta name=\"twitter:label1\" content=\"Dur\u00e9e de lecture estim\u00e9e\" \/>\n\t<meta name=\"twitter:data1\" content=\"1 minute\" \/>\n<script type=\"application\/ld+json\" class=\"yoast-schema-graph\">{\"@context\":\"https:\/\/schema.org\",\"@graph\":[{\"@type\":\"WebPage\",\"@id\":\"https:\/\/observatoire-asap.org\/index.php\/tribunes\/\",\"url\":\"https:\/\/observatoire-asap.org\/index.php\/tribunes\/\",\"name\":\"Tribunes -\",\"isPartOf\":{\"@id\":\"http:\/\/observatoire-asap.org\/#website\"},\"primaryImageOfPage\":{\"@id\":\"https:\/\/observatoire-asap.org\/index.php\/tribunes\/#primaryimage\"},\"image\":{\"@id\":\"https:\/\/observatoire-asap.org\/index.php\/tribunes\/#primaryimage\"},\"thumbnailUrl\":\"https:\/\/observatoire-asap.org\/wp-content\/uploads\/2020\/11\/micro.jpg\",\"datePublished\":\"2020-11-27T17:47:31+00:00\",\"dateModified\":\"2023-04-21T17:57:03+00:00\",\"breadcrumb\":{\"@id\":\"https:\/\/observatoire-asap.org\/index.php\/tribunes\/#breadcrumb\"},\"inLanguage\":\"fr-FR\",\"potentialAction\":[{\"@type\":\"ReadAction\",\"target\":[\"https:\/\/observatoire-asap.org\/index.php\/tribunes\/\"]}]},{\"@type\":\"ImageObject\",\"inLanguage\":\"fr-FR\",\"@id\":\"https:\/\/observatoire-asap.org\/index.php\/tribunes\/#primaryimage\",\"url\":\"https:\/\/observatoire-asap.org\/wp-content\/uploads\/2020\/11\/micro.jpg\",\"contentUrl\":\"https:\/\/observatoire-asap.org\/wp-content\/uploads\/2020\/11\/micro.jpg\",\"width\":640,\"height\":640,\"caption\":\"one line drawing wired microphone vector illustration minimalist design\"},{\"@type\":\"BreadcrumbList\",\"@id\":\"https:\/\/observatoire-asap.org\/index.php\/tribunes\/#breadcrumb\",\"itemListElement\":[{\"@type\":\"ListItem\",\"position\":1,\"name\":\"Accueil\",\"item\":\"http:\/\/observatoire-asap.org\/\"},{\"@type\":\"ListItem\",\"position\":2,\"name\":\"Tribunes\"}]},{\"@type\":\"WebSite\",\"@id\":\"http:\/\/observatoire-asap.org\/#website\",\"url\":\"http:\/\/observatoire-asap.org\/\",\"name\":\"Action Soci\u00e9tale et Action Publique\",\"description\":\"\",\"publisher\":{\"@id\":\"http:\/\/observatoire-asap.org\/#organization\"},\"potentialAction\":[{\"@type\":\"SearchAction\",\"target\":{\"@type\":\"EntryPoint\",\"urlTemplate\":\"http:\/\/observatoire-asap.org\/?s={search_term_string}\"},\"query-input\":{\"@type\":\"PropertyValueSpecification\",\"valueRequired\":true,\"valueName\":\"search_term_string\"}}],\"inLanguage\":\"fr-FR\"},{\"@type\":\"Organization\",\"@id\":\"http:\/\/observatoire-asap.org\/#organization\",\"name\":\"Laboratoire ASAP\",\"url\":\"http:\/\/observatoire-asap.org\/\",\"logo\":{\"@type\":\"ImageObject\",\"inLanguage\":\"fr-FR\",\"@id\":\"http:\/\/observatoire-asap.org\/#\/schema\/logo\/image\/\",\"url\":\"https:\/\/observatoire-asap.org\/wp-content\/uploads\/2022\/01\/cropped-cropped-ASAP_Plan-de-travail-1.png\",\"contentUrl\":\"https:\/\/observatoire-asap.org\/wp-content\/uploads\/2022\/01\/cropped-cropped-ASAP_Plan-de-travail-1.png\",\"width\":1345,\"height\":426,\"caption\":\"Laboratoire ASAP\"},\"image\":{\"@id\":\"http:\/\/observatoire-asap.org\/#\/schema\/logo\/image\/\"},\"sameAs\":[\"https:\/\/facebook.com\/fabrice.hamelin.1\"]}]}<\/script>\n<!-- \/ Yoast SEO plugin. -->","yoast_head_json":{"title":"Tribunes -","robots":{"index":"index","follow":"follow","max-snippet":"max-snippet:-1","max-image-preview":"max-image-preview:large","max-video-preview":"max-video-preview:-1"},"canonical":"https:\/\/observatoire-asap.org\/index.php\/tribunes\/","og_locale":"fr_FR","og_type":"article","og_title":"Tribunes -","og_description":"Forums des carri\u00e8res focus ALLSH \u00ab\u00a0une th\u00e8se, et apr\u00e8s ?\u00a0\u00bb par la r\u00e9daction Verdir la finance: misons sur l&rsquo;engrais plut\u00f4t que sur la coloration par Emmanuelle Dubocage et St\u00e9phanie Serve Et si on changeait notre mod\u00e8le agricole ? par Charl\u00e8ne Arnaud et Pascale Ch\u00e2teau-Terrisse L&rsquo;avenir de la librairie ind\u00e9pendante, un enjeu de civilisation par David &hellip;","og_url":"https:\/\/observatoire-asap.org\/index.php\/tribunes\/","article_publisher":"https:\/\/facebook.com\/fabrice.hamelin.1","article_modified_time":"2023-04-21T17:57:03+00:00","og_image":[{"width":640,"height":640,"url":"https:\/\/observatoire-asap.org\/wp-content\/uploads\/2020\/11\/micro.jpg","type":"image\/jpeg"}],"twitter_card":"summary_large_image","twitter_misc":{"Dur\u00e9e de lecture estim\u00e9e":"1 minute"},"schema":{"@context":"https:\/\/schema.org","@graph":[{"@type":"WebPage","@id":"https:\/\/observatoire-asap.org\/index.php\/tribunes\/","url":"https:\/\/observatoire-asap.org\/index.php\/tribunes\/","name":"Tribunes -","isPartOf":{"@id":"http:\/\/observatoire-asap.org\/#website"},"primaryImageOfPage":{"@id":"https:\/\/observatoire-asap.org\/index.php\/tribunes\/#primaryimage"},"image":{"@id":"https:\/\/observatoire-asap.org\/index.php\/tribunes\/#primaryimage"},"thumbnailUrl":"https:\/\/observatoire-asap.org\/wp-content\/uploads\/2020\/11\/micro.jpg","datePublished":"2020-11-27T17:47:31+00:00","dateModified":"2023-04-21T17:57:03+00:00","breadcrumb":{"@id":"https:\/\/observatoire-asap.org\/index.php\/tribunes\/#breadcrumb"},"inLanguage":"fr-FR","potentialAction":[{"@type":"ReadAction","target":["https:\/\/observatoire-asap.org\/index.php\/tribunes\/"]}]},{"@type":"ImageObject","inLanguage":"fr-FR","@id":"https:\/\/observatoire-asap.org\/index.php\/tribunes\/#primaryimage","url":"https:\/\/observatoire-asap.org\/wp-content\/uploads\/2020\/11\/micro.jpg","contentUrl":"https:\/\/observatoire-asap.org\/wp-content\/uploads\/2020\/11\/micro.jpg","width":640,"height":640,"caption":"one line drawing wired microphone vector illustration minimalist design"},{"@type":"BreadcrumbList","@id":"https:\/\/observatoire-asap.org\/index.php\/tribunes\/#breadcrumb","itemListElement":[{"@type":"ListItem","position":1,"name":"Accueil","item":"http:\/\/observatoire-asap.org\/"},{"@type":"ListItem","position":2,"name":"Tribunes"}]},{"@type":"WebSite","@id":"http:\/\/observatoire-asap.org\/#website","url":"http:\/\/observatoire-asap.org\/","name":"Action Soci\u00e9tale et Action Publique","description":"","publisher":{"@id":"http:\/\/observatoire-asap.org\/#organization"},"potentialAction":[{"@type":"SearchAction","target":{"@type":"EntryPoint","urlTemplate":"http:\/\/observatoire-asap.org\/?s={search_term_string}"},"query-input":{"@type":"PropertyValueSpecification","valueRequired":true,"valueName":"search_term_string"}}],"inLanguage":"fr-FR"},{"@type":"Organization","@id":"http:\/\/observatoire-asap.org\/#organization","name":"Laboratoire ASAP","url":"http:\/\/observatoire-asap.org\/","logo":{"@type":"ImageObject","inLanguage":"fr-FR","@id":"http:\/\/observatoire-asap.org\/#\/schema\/logo\/image\/","url":"https:\/\/observatoire-asap.org\/wp-content\/uploads\/2022\/01\/cropped-cropped-ASAP_Plan-de-travail-1.png","contentUrl":"https:\/\/observatoire-asap.org\/wp-content\/uploads\/2022\/01\/cropped-cropped-ASAP_Plan-de-travail-1.png","width":1345,"height":426,"caption":"Laboratoire ASAP"},"image":{"@id":"http:\/\/observatoire-asap.org\/#\/schema\/logo\/image\/"},"sameAs":["https:\/\/facebook.com\/fabrice.hamelin.1"]}]}},"_links":{"self":[{"href":"https:\/\/observatoire-asap.org\/index.php\/wp-json\/wp\/v2\/pages\/1089","targetHints":{"allow":["GET"]}}],"collection":[{"href":"https:\/\/observatoire-asap.org\/index.php\/wp-json\/wp\/v2\/pages"}],"about":[{"href":"https:\/\/observatoire-asap.org\/index.php\/wp-json\/wp\/v2\/types\/page"}],"author":[{"embeddable":true,"href":"https:\/\/observatoire-asap.org\/index.php\/wp-json\/wp\/v2\/users\/1"}],"replies":[{"embeddable":true,"href":"https:\/\/observatoire-asap.org\/index.php\/wp-json\/wp\/v2\/comments?post=1089"}],"version-history":[{"count":15,"href":"https:\/\/observatoire-asap.org\/index.php\/wp-json\/wp\/v2\/pages\/1089\/revisions"}],"predecessor-version":[{"id":5554,"href":"https:\/\/observatoire-asap.org\/index.php\/wp-json\/wp\/v2\/pages\/1089\/revisions\/5554"}],"wp:featuredmedia":[{"embeddable":true,"href":"https:\/\/observatoire-asap.org\/index.php\/wp-json\/wp\/v2\/media\/1133"}],"wp:attachment":[{"href":"https:\/\/observatoire-asap.org\/index.php\/wp-json\/wp\/v2\/media?parent=1089"}],"curies":[{"name":"wp","href":"https:\/\/api.w.org\/{rel}","templated":true}]}}