{"id":1016,"date":"2020-11-25T15:06:48","date_gmt":"2020-11-25T14:06:48","guid":{"rendered":"http:\/\/observatoire-asap.org\/?page_id=1016"},"modified":"2022-04-14T12:04:02","modified_gmt":"2022-04-14T10:04:02","slug":"analyser","status":"publish","type":"page","link":"https:\/\/observatoire-asap.org\/index.php\/analyser\/","title":{"rendered":"Analyser"},"content":{"rendered":"<p style=\"text-align: justify;\"><strong>Collecter et structurer<\/strong> des donn\u00e9es issues du monde acad\u00e9mique et scientifique (bases de donn\u00e9es), afin de dresser un \u00e9tat des lieux de la situation et de donner des perspectives d&rsquo;\u00e9volution ;<\/p>\n<p style=\"text-align: justify;\"><strong>Comprendre<\/strong> l\u2019impact des actions et politiques men\u00e9es en mati\u00e8re de transformations sociales et soci\u00e9tales au niveau de l&rsquo;Etat, des Territoires et des organisations publiques<\/p>\n\n\n<figure class=\"wp-block-table\"><table><tbody><tr><td><em><u>Think Tank<\/u><\/em> (<a href=\"http:\/\/observatoire-asap.org\/index.php\/2020\/11\/13\/elizabeth-couzineau-zegwaard\/\">E. Couzineau-Zegwaard<\/a>, <a href=\"http:\/\/observatoire-asap.org\/index.php\/2020\/11\/06\/mathilde-briere\/\">M. Bri\u00e8re<\/a>)<br>Laboratoire d\u2019id\u00e9es charg\u00e9 de collecter et structurer des donn\u00e9es issues du monde acad\u00e9mique et scientifique et de comprendre l\u2019impact des actions et politiques men\u00e9es en mati\u00e8re de transformations sociales et soci\u00e9tales au service de l&rsquo;action publique<\/td><\/tr><\/tbody><\/table><\/figure>\n","protected":false},"excerpt":{"rendered":"<p>Collecter et structurer des donn\u00e9es issues du monde acad\u00e9mique et scientifique (bases de donn\u00e9es), afin de dresser un \u00e9tat des lieux de la situation et de donner des perspectives d&rsquo;\u00e9volution ; Comprendre l\u2019impact des actions et politiques men\u00e9es en mati\u00e8re de transformations sociales et soci\u00e9tales au niveau de l&rsquo;Etat, des Territoires et des organisations publiques &hellip; <\/p>\n","protected":false},"author":1,"featured_media":0,"parent":0,"menu_order":0,"comment_status":"closed","ping_status":"closed","template":"","meta":{"spay_email":"","footnotes":""},"class_list":["post-1016","page","type-page","status-publish","hentry"],"yoast_head":"<!-- This site is optimized with the Yoast SEO plugin v24.9 - https:\/\/yoast.com\/wordpress\/plugins\/seo\/ -->\n<title>Analyser -<\/title>\n<meta name=\"robots\" content=\"index, follow, max-snippet:-1, max-image-preview:large, max-video-preview:-1\" \/>\n<link rel=\"canonical\" href=\"https:\/\/observatoire-asap.org\/index.php\/analyser\/\" \/>\n<meta property=\"og:locale\" content=\"fr_FR\" \/>\n<meta property=\"og:type\" content=\"article\" \/>\n<meta property=\"og:title\" content=\"Analyser -\" \/>\n<meta property=\"og:description\" content=\"Collecter et structurer des donn\u00e9es issues du monde acad\u00e9mique et scientifique (bases de donn\u00e9es), afin de dresser un \u00e9tat des lieux de la situation et de donner des perspectives d&rsquo;\u00e9volution ; Comprendre l\u2019impact des actions et politiques men\u00e9es en mati\u00e8re de transformations sociales et soci\u00e9tales au niveau de l&rsquo;Etat, des Territoires et des organisations publiques &hellip;\" \/>\n<meta property=\"og:url\" content=\"https:\/\/observatoire-asap.org\/index.php\/analyser\/\" \/>\n<meta property=\"article:publisher\" content=\"https:\/\/facebook.com\/fabrice.hamelin.1\" \/>\n<meta property=\"article:modified_time\" content=\"2022-04-14T10:04:02+00:00\" \/>\n<meta name=\"twitter:card\" content=\"summary_large_image\" \/>\n<meta name=\"twitter:label1\" content=\"Dur\u00e9e de lecture estim\u00e9e\" \/>\n\t<meta name=\"twitter:data1\" content=\"1 minute\" \/>\n<script type=\"application\/ld+json\" class=\"yoast-schema-graph\">{\"@context\":\"https:\/\/schema.org\",\"@graph\":[{\"@type\":\"WebPage\",\"@id\":\"https:\/\/observatoire-asap.org\/index.php\/analyser\/\",\"url\":\"https:\/\/observatoire-asap.org\/index.php\/analyser\/\",\"name\":\"Analyser -\",\"isPartOf\":{\"@id\":\"http:\/\/observatoire-asap.org\/#website\"},\"datePublished\":\"2020-11-25T14:06:48+00:00\",\"dateModified\":\"2022-04-14T10:04:02+00:00\",\"breadcrumb\":{\"@id\":\"https:\/\/observatoire-asap.org\/index.php\/analyser\/#breadcrumb\"},\"inLanguage\":\"fr-FR\",\"potentialAction\":[{\"@type\":\"ReadAction\",\"target\":[\"https:\/\/observatoire-asap.org\/index.php\/analyser\/\"]}]},{\"@type\":\"BreadcrumbList\",\"@id\":\"https:\/\/observatoire-asap.org\/index.php\/analyser\/#breadcrumb\",\"itemListElement\":[{\"@type\":\"ListItem\",\"position\":1,\"name\":\"Accueil\",\"item\":\"http:\/\/observatoire-asap.org\/\"},{\"@type\":\"ListItem\",\"position\":2,\"name\":\"Analyser\"}]},{\"@type\":\"WebSite\",\"@id\":\"http:\/\/observatoire-asap.org\/#website\",\"url\":\"http:\/\/observatoire-asap.org\/\",\"name\":\"Action Soci\u00e9tale et Action Publique\",\"description\":\"\",\"publisher\":{\"@id\":\"http:\/\/observatoire-asap.org\/#organization\"},\"potentialAction\":[{\"@type\":\"SearchAction\",\"target\":{\"@type\":\"EntryPoint\",\"urlTemplate\":\"http:\/\/observatoire-asap.org\/?s={search_term_string}\"},\"query-input\":{\"@type\":\"PropertyValueSpecification\",\"valueRequired\":true,\"valueName\":\"search_term_string\"}}],\"inLanguage\":\"fr-FR\"},{\"@type\":\"Organization\",\"@id\":\"http:\/\/observatoire-asap.org\/#organization\",\"name\":\"Laboratoire ASAP\",\"url\":\"http:\/\/observatoire-asap.org\/\",\"logo\":{\"@type\":\"ImageObject\",\"inLanguage\":\"fr-FR\",\"@id\":\"http:\/\/observatoire-asap.org\/#\/schema\/logo\/image\/\",\"url\":\"https:\/\/observatoire-asap.org\/wp-content\/uploads\/2022\/01\/cropped-cropped-ASAP_Plan-de-travail-1.png\",\"contentUrl\":\"https:\/\/observatoire-asap.org\/wp-content\/uploads\/2022\/01\/cropped-cropped-ASAP_Plan-de-travail-1.png\",\"width\":1345,\"height\":426,\"caption\":\"Laboratoire ASAP\"},\"image\":{\"@id\":\"http:\/\/observatoire-asap.org\/#\/schema\/logo\/image\/\"},\"sameAs\":[\"https:\/\/facebook.com\/fabrice.hamelin.1\"]}]}<\/script>\n<!-- \/ Yoast SEO plugin. -->","yoast_head_json":{"title":"Analyser -","robots":{"index":"index","follow":"follow","max-snippet":"max-snippet:-1","max-image-preview":"max-image-preview:large","max-video-preview":"max-video-preview:-1"},"canonical":"https:\/\/observatoire-asap.org\/index.php\/analyser\/","og_locale":"fr_FR","og_type":"article","og_title":"Analyser -","og_description":"Collecter et structurer des donn\u00e9es issues du monde acad\u00e9mique et scientifique (bases de donn\u00e9es), afin de dresser un \u00e9tat des lieux de la situation et de donner des perspectives d&rsquo;\u00e9volution ; Comprendre l\u2019impact des actions et politiques men\u00e9es en mati\u00e8re de transformations sociales et soci\u00e9tales au niveau de l&rsquo;Etat, des Territoires et des organisations publiques &hellip;","og_url":"https:\/\/observatoire-asap.org\/index.php\/analyser\/","article_publisher":"https:\/\/facebook.com\/fabrice.hamelin.1","article_modified_time":"2022-04-14T10:04:02+00:00","twitter_card":"summary_large_image","twitter_misc":{"Dur\u00e9e de lecture estim\u00e9e":"1 minute"},"schema":{"@context":"https:\/\/schema.org","@graph":[{"@type":"WebPage","@id":"https:\/\/observatoire-asap.org\/index.php\/analyser\/","url":"https:\/\/observatoire-asap.org\/index.php\/analyser\/","name":"Analyser -","isPartOf":{"@id":"http:\/\/observatoire-asap.org\/#website"},"datePublished":"2020-11-25T14:06:48+00:00","dateModified":"2022-04-14T10:04:02+00:00","breadcrumb":{"@id":"https:\/\/observatoire-asap.org\/index.php\/analyser\/#breadcrumb"},"inLanguage":"fr-FR","potentialAction":[{"@type":"ReadAction","target":["https:\/\/observatoire-asap.org\/index.php\/analyser\/"]}]},{"@type":"BreadcrumbList","@id":"https:\/\/observatoire-asap.org\/index.php\/analyser\/#breadcrumb","itemListElement":[{"@type":"ListItem","position":1,"name":"Accueil","item":"http:\/\/observatoire-asap.org\/"},{"@type":"ListItem","position":2,"name":"Analyser"}]},{"@type":"WebSite","@id":"http:\/\/observatoire-asap.org\/#website","url":"http:\/\/observatoire-asap.org\/","name":"Action Soci\u00e9tale et Action Publique","description":"","publisher":{"@id":"http:\/\/observatoire-asap.org\/#organization"},"potentialAction":[{"@type":"SearchAction","target":{"@type":"EntryPoint","urlTemplate":"http:\/\/observatoire-asap.org\/?s={search_term_string}"},"query-input":{"@type":"PropertyValueSpecification","valueRequired":true,"valueName":"search_term_string"}}],"inLanguage":"fr-FR"},{"@type":"Organization","@id":"http:\/\/observatoire-asap.org\/#organization","name":"Laboratoire ASAP","url":"http:\/\/observatoire-asap.org\/","logo":{"@type":"ImageObject","inLanguage":"fr-FR","@id":"http:\/\/observatoire-asap.org\/#\/schema\/logo\/image\/","url":"https:\/\/observatoire-asap.org\/wp-content\/uploads\/2022\/01\/cropped-cropped-ASAP_Plan-de-travail-1.png","contentUrl":"https:\/\/observatoire-asap.org\/wp-content\/uploads\/2022\/01\/cropped-cropped-ASAP_Plan-de-travail-1.png","width":1345,"height":426,"caption":"Laboratoire ASAP"},"image":{"@id":"http:\/\/observatoire-asap.org\/#\/schema\/logo\/image\/"},"sameAs":["https:\/\/facebook.com\/fabrice.hamelin.1"]}]}},"_links":{"self":[{"href":"https:\/\/observatoire-asap.org\/index.php\/wp-json\/wp\/v2\/pages\/1016","targetHints":{"allow":["GET"]}}],"collection":[{"href":"https:\/\/observatoire-asap.org\/index.php\/wp-json\/wp\/v2\/pages"}],"about":[{"href":"https:\/\/observatoire-asap.org\/index.php\/wp-json\/wp\/v2\/types\/page"}],"author":[{"embeddable":true,"href":"https:\/\/observatoire-asap.org\/index.php\/wp-json\/wp\/v2\/users\/1"}],"replies":[{"embeddable":true,"href":"https:\/\/observatoire-asap.org\/index.php\/wp-json\/wp\/v2\/comments?post=1016"}],"version-history":[{"count":14,"href":"https:\/\/observatoire-asap.org\/index.php\/wp-json\/wp\/v2\/pages\/1016\/revisions"}],"predecessor-version":[{"id":4472,"href":"https:\/\/observatoire-asap.org\/index.php\/wp-json\/wp\/v2\/pages\/1016\/revisions\/4472"}],"wp:attachment":[{"href":"https:\/\/observatoire-asap.org\/index.php\/wp-json\/wp\/v2\/media?parent=1016"}],"curies":[{"name":"wp","href":"https:\/\/api.w.org\/{rel}","templated":true}]}}